{"id":14007,"date":"2017-08-08T12:42:36","date_gmt":"2017-08-08T12:42:36","guid":{"rendered":"http:\/\/www.enka.com\/foundation\/schools\/adapazari\/?page_id=14007\/"},"modified":"2019-12-18T11:29:57","modified_gmt":"2019-12-18T08:29:57","slug":"gizlilik-politikasi","status":"publish","type":"page","link":"https:\/\/www.enka.k12.tr\/adapazari\/gizlilik-politikasi\/","title":{"rendered":"G\u0130ZL\u0130L\u0130K POL\u0130T\u0130KASI"},"content":{"rendered":"<div class=\"wpb-content-wrapper\"><p>[vc_row bg_type=&#8221;bg_color&#8221; bg_color_value=&#8221;#ffffff&#8221;][vc_column]<div class=\"ult-spacer spacer-69daafd1a5eae\" data-id=\"69daafd1a5eae\" data-height=\"30\" data-height-mobile=\"10\" data-height-tab=\"20\" data-height-tab-portrait=\"\" data-height-mobile-landscape=\"\" style=\"clear:both;display:block;\"><\/div>[\/vc_column][\/vc_row][vc_row gap=&#8221;30&#8243; padding_top=&#8221;40px&#8221; padding_bottom=&#8221;40px&#8221; padding_left=&#8221;10px&#8221; padding_right=&#8221;10px&#8221; bg_type=&#8221;bg_color&#8221; bg_color_value=&#8221;rgba(247,247,247,0.8)&#8221;][vc_column padding_right=&#8221;10px&#8221;]<div id=\"ultimate-heading-841969daafd1a5f34\" class=\"uvc-heading ult-adjust-bottom-margin ultimate-heading-841969daafd1a5f34 uvc-2443 \" data-hspacer=\"line_only\"  data-halign=\"left\" style=\"text-align:left\"><div class=\"uvc-sub-heading ult-responsive\"  data-ultimate-target='.uvc-heading.ultimate-heading-841969daafd1a5f34 .uvc-sub-heading '  data-responsive-json-new='{\"font-size\":\"desktop:30px;tablet:28px;tablet_portrait:26px;mobile_landscape:24px;mobile:22px;\",\"line-height\":\"desktop:50px;tablet:48px;tablet_portrait:46px;mobile_landscape:44px;mobile:42px;\"}'  style=\"font-weight:bold;color:#000000;\">K\u0130\u015e\u0130SEL VER\u0130LER\u0130N\u0130ZE \u0130L\u0130\u015eK\u0130N B\u0130LG\u0130LEND\u0130RME<\/div><div class=\"uvc-heading-spacer line_only\" style=\"margin-top:10px;height:3px;\"><span class=\"uvc-headings-line\" style=\"border-style:solid;border-bottom-width:3px;border-color:#fe5252;width:100px;\"><\/span><\/div><\/div><div class=\"ult-spacer spacer-69daafd1a5f99\" data-id=\"69daafd1a5f99\" data-height=\"30\" data-height-mobile=\"10\" data-height-tab=\"20\" data-height-tab-portrait=\"\" data-height-mobile-landscape=\"\" style=\"clear:both;display:block;\"><\/div>[vc_column_text]ENKA SPOR E\u011e\u0130T\u0130M VE SOSYAL YARDIM VAKFI \u0130\u015eLETMES\u0130 (ENKA) Veri Sorumlusu olarak ki\u015fisel verilerinizin kullan\u0131lmas\u0131na ili\u015fkin anayasal haklar\u0131n\u0131z\u0131 kabul eder, bu haklara sayg\u0131 g\u00f6sterir ve korunmas\u0131 konusunda en iyi gayreti sarf eder.<\/p>\n<p>Web sitesinin belirli sayfalar\u0131 g\u00f6r\u00fcnt\u00fclenirken bilgisayar\u0131n\u0131zda baz\u0131 bilgiler depolanabilir. Bu bilgiler \u201c\u00c7erez\u201d veya benzer dosya formlar\u0131nda olacak ve sizlerin ilgi ve\/veya tercihlerinize daha iyi yan\u0131t verebilmesi i\u00e7in web sayfas\u0131n\u0131n daha uygun hale getirilmesine imk\u00e2n sa\u011flayacakt\u0131r. Buna ra\u011fmen bu site, i\u00e7erisinde di\u011fer web sayfalar\u0131na ba\u011flant\u0131lar i\u00e7ermekte olup ENKA, bu sayfalar\u0131n gizlilik politikalar\u0131n\u0131 kontrol etme yetkisine sahip de\u011fildir.<\/p>\n<p>Yukar\u0131da bahsedilen bilgilere ek olarak, ENKA Web Sitesi ziyaret\u00e7ileri genel istek, talep, \u015fikayet ve i\u015f ba\u015fvurular\u0131n\u0131 i\u015fletmemiz yetkililerine iletmek i\u00e7in belirtilen e-posta adreslerine g\u00f6ndermektedir.<br \/>\nHakk\u0131n\u0131zda bize verece\u011finiz ya da web sitesini ziyaretiniz nedeniyle toplanacak olan bilgilerle ilgili olarak ENKA, sorumlu bir tutum sergileyecektir. ENKA\u2019n\u0131n bu web sitesini ziyaretiniz s\u0131ras\u0131nda toplayaca\u011f\u0131 bilgileri;<\/p>\n<p style=\"padding-left: 30px;\">(i) ENKA\u2019n\u0131n veya di\u011fer taraflar\u0131n haklar\u0131n\u0131, g\u00fcvenli\u011fini veya m\u00fclkiyet haklar\u0131n\u0131 korumak,<br \/>\n(ii) yasal veya d\u00fczenleyici y\u00fck\u00fcml\u00fcl\u00fcklere uyum sa\u011flamak,<br \/>\n(iii) web sayfas\u0131 veya kullan\u0131c\u0131lar\u0131 hakk\u0131nda toplu istatistiksel bilgiler toplamak ve\/veya sa\u011flamak,<\/p>\n<p>amac\u0131yla saklayabilecek, i\u015fleyebilecek ya da aktarabilecektir. Ancak ENKA a\u00e7\u0131k onay\u0131n\u0131z olmaks\u0131z\u0131n ki\u015fisel bilgilerinizi ticari ama\u00e7larla kullanmayacak, bu bilgileri \u00fc\u00e7\u00fcnc\u00fc ki\u015filere satmayacak veya kiralamayacakt\u0131r. Ki\u015fisel bilgilerinizin i\u015flenip i\u015flenmedi\u011fi konusunda her zaman bilgi alma ve bilgilerinizin silinmesini talep hakk\u0131n\u0131z bulunmaktad\u0131r.<\/p>\n<p>ENKA\u2019n\u0131n ki\u015fisel verilere ili\u015fkin politikas\u0131 ve ki\u015fisel verilere y\u00f6nelik haklar\u0131n\u0131za dair detayl\u0131 bilgi almak isterseniz, l\u00fctfen a\u015fa\u011f\u0131daki b\u00f6l\u00fcmleri inceleyiniz.<br \/>\nBu beyan sadece ENKA taraf\u0131ndan toplanan ve saklanan bilgiler i\u00e7in ge\u00e7erlidir.[\/vc_column_text][\/vc_column][\/vc_row][vc_row gap=&#8221;30&#8243; padding_top=&#8221;40px&#8221; padding_bottom=&#8221;40px&#8221; padding_left=&#8221;10px&#8221; padding_right=&#8221;10px&#8221; bg_type=&#8221;bg_color&#8221; bg_color_value=&#8221;rgba(247,247,247,0.8)&#8221;][vc_column padding_right=&#8221;10px&#8221;]<div id=\"ultimate-heading-57169daafd1a5fe8\" class=\"uvc-heading ult-adjust-bottom-margin ultimate-heading-57169daafd1a5fe8 uvc-1331 \" data-hspacer=\"line_only\"  data-halign=\"left\" style=\"text-align:left\"><div class=\"uvc-sub-heading ult-responsive\"  data-ultimate-target='.uvc-heading.ultimate-heading-57169daafd1a5fe8 .uvc-sub-heading '  data-responsive-json-new='{\"font-size\":\"desktop:30px;tablet:28px;tablet_portrait:26px;mobile_landscape:24px;mobile:22px;\",\"line-height\":\"desktop:50px;tablet:48px;tablet_portrait:46px;mobile_landscape:44px;mobile:42px;\"}'  style=\"font-weight:bold;color:#000000;\">BA\u011eLANTI<\/div><div class=\"uvc-heading-spacer line_only\" style=\"margin-top:10px;height:3px;\"><span class=\"uvc-headings-line\" style=\"border-style:solid;border-bottom-width:3px;border-color:#fe5252;width:100px;\"><\/span><\/div><\/div><div class=\"ult-spacer spacer-69daafd1a6029\" data-id=\"69daafd1a6029\" data-height=\"30\" data-height-mobile=\"10\" data-height-tab=\"20\" data-height-tab-portrait=\"\" data-height-mobile-landscape=\"\" style=\"clear:both;display:block;\"><\/div>[vc_column_text]Kolayl\u0131k sa\u011flamak a\u00e7\u0131s\u0131ndan bu web sitesi i\u00e7erisinde ENKA taraf\u0131ndan kontrol edilmeyen veya herhangi bir \u015fekilde ENKA ile ilintili veya ili\u015fkili olmayan di\u011fer web sayfalar\u0131na ba\u011flant\u0131lar yer almaktad\u0131r. Bu do\u011frultuda ENKA, bu sayfalar\u0131n ki\u015fisel veri politikalar\u0131na, gizlilik uygulamalar\u0131 veya kullan\u0131m ko\u015fullar\u0131na ili\u015fkin herhangi bir beyanda bulunmamakta ve ayr\u0131ca bu sayfalarda bulunan bilgi, veri, metin, yaz\u0131l\u0131m, m\u00fczik, ses, foto\u011fraf, grafik, video, mesaj veya mevcut di\u011fer materyallerin do\u011fruluklar\u0131, b\u00fct\u00fcnl\u00fckleri veya niteliklerini kontrol etmemekte veya bu konuda herhangi bir garanti vermemektedir. Dahil ya da hari\u00e7 olma durumu hi\u00e7bir \u015fekilde ENKA\u2019n\u0131n sayfay\u0131, sayfan\u0131n sa\u011flay\u0131c\u0131s\u0131n\u0131 ya da sayfadaki bilgileri onaylad\u0131\u011f\u0131 anlam\u0131na gelmez.[\/vc_column_text][\/vc_column][\/vc_row][vc_row gap=&#8221;30&#8243; padding_top=&#8221;40px&#8221; padding_bottom=&#8221;40px&#8221; padding_left=&#8221;10px&#8221; padding_right=&#8221;10px&#8221; bg_type=&#8221;bg_color&#8221; bg_color_value=&#8221;rgba(247,247,247,0.8)&#8221;][vc_column padding_right=&#8221;10px&#8221;]<div id=\"ultimate-heading-765069daafd1a606f\" class=\"uvc-heading ult-adjust-bottom-margin ultimate-heading-765069daafd1a606f uvc-2020 \" data-hspacer=\"line_only\"  data-halign=\"left\" style=\"text-align:left\"><div class=\"uvc-sub-heading ult-responsive\"  data-ultimate-target='.uvc-heading.ultimate-heading-765069daafd1a606f .uvc-sub-heading '  data-responsive-json-new='{\"font-size\":\"desktop:30px;tablet:28px;tablet_portrait:26px;mobile_landscape:24px;mobile:22px;\",\"line-height\":\"desktop:50px;tablet:48px;tablet_portrait:46px;mobile_landscape:44px;mobile:42px;\"}'  style=\"font-weight:bold;color:#000000;\">K\u0130\u015e\u0130SEL VER\u0130 SAH\u0130PLER\u0130N\u0130N \u0130STEK VE TALEPLER\u0130<\/div><div class=\"uvc-heading-spacer line_only\" style=\"margin-top:10px;height:3px;\"><span class=\"uvc-headings-line\" style=\"border-style:solid;border-bottom-width:3px;border-color:#fe5252;width:100px;\"><\/span><\/div><\/div><div class=\"ult-spacer spacer-69daafd1a60a9\" data-id=\"69daafd1a60a9\" data-height=\"30\" data-height-mobile=\"10\" data-height-tab=\"20\" data-height-tab-portrait=\"\" data-height-mobile-landscape=\"\" style=\"clear:both;display:block;\"><\/div>[vc_column_text]ENKA, KVK Kanunu\u2019nun 10. maddesine uygun olarak ki\u015fisel veri sahibinin haklar\u0131n\u0131 kendisine bildirmekte, bu haklar\u0131n nas\u0131l kullan\u0131laca\u011f\u0131 konusunda ki\u015fisel veri sahibine yol g\u00f6stermektedir. ENKA, ki\u015fisel veri sahiplerinin haklar\u0131n\u0131n de\u011ferlendirilmesi ve ki\u015fisel veri sahiplerine gereken bilgilendirmenin yap\u0131lmas\u0131 i\u00e7in KVK Kanunu\u2019nun 13. maddesine uygun olarak gerekli kanallar\u0131, i\u00e7 i\u015fleyi\u015fi, idari ve teknik d\u00fczenlemeleri y\u00fcr\u00fctmektedir.<\/p>\n<p>Bu minvalde, ki\u015fisel veri sahipleri, ENKA Ki\u015fisel Verilerin Korunmas\u0131 ve \u0130\u015flenmesi Politikas\u0131\u2019\u0131nda belirtilen haklar\u0131na ili\u015fkin taleplerini; kimliklerini tespit edecek bilgi ve belgelerle ve <a href=\"https:\/\/www.enka.k12.tr\/adapazari\/gizlilik-politikasi\/\" target=\"_blank\" rel=\"noopener noreferrer\">www.enka.k12.tr<\/a> adresinde bulunan formu doldurularak, formda belirtilen veya Ki\u015fisel Verileri Koruma Kurulu\u2019nun belirledi\u011fi di\u011fer y\u00f6ntemlerle Veri Sahibi Ki\u015fisel Bilgi Ba\u015fvuru Formu\u2019nu doldurup imzalayarak ENKA\u2019ya iletebileceklerdir.<\/p>\n<p>Ki\u015fisel veri sahipleri ad\u0131na \u00fc\u00e7\u00fcnc\u00fc ki\u015filerin ba\u015fvuru talebinde bulunabilmesi i\u00e7in veri sahibi taraf\u0131ndan ba\u015fvuruda bulunacak ki\u015fi ad\u0131na, noter kanal\u0131yla d\u00fczenlenmi\u015f \u00f6zel vek\u00e2letname bulunmal\u0131d\u0131r.[\/vc_column_text][\/vc_column][\/vc_row][vc_row gap=&#8221;30&#8243; padding_top=&#8221;20px&#8221; padding_bottom=&#8221;40px&#8221; padding_left=&#8221;10px&#8221; padding_right=&#8221;10px&#8221; bg_type=&#8221;bg_color&#8221; bg_color_value=&#8221;rgba(247,247,247,0.8)&#8221;][vc_column padding_right=&#8221;10px&#8221;][vc_cta h2=&#8221;Veri Sahibi Ki\u015fisel Bilgi Ba\u015fvuru Formu&#8221; style=&#8221;flat&#8221; add_button=&#8221;right&#8221; btn_title=&#8221;FORMU \u0130ND\u0130R&#8221; btn_style=&#8221;flat&#8221; btn_shape=&#8221;square&#8221; btn_color=&#8221;sky&#8221; btn_align=&#8221;right&#8221; btn_i_icon_fontawesome=&#8221;fa fa-download&#8221; add_icon=&#8221;left&#8221; btn_button_block=&#8221;true&#8221; btn_add_icon=&#8221;true&#8221; btn_link=&#8221;url:https%3A%2F%2Fwww.enka.k12.tr%2Fadapazari%2Fwp-content%2Fuploads%2F2018%2F07%2FENKA-Okullari-Aydinlatma-Bildirimi_Ba%C5%9FvuruFormu_TR.pdf|title:ENKA_Okullari_KVK_Basvuru_Formu|target:%20_blank|&#8221;][\/vc_cta][\/vc_column][\/vc_row]<\/p>\n<\/div>","protected":false},"excerpt":{"rendered":"<p>[vc_row bg_type=&#8221;bg_color&#8221; bg_color_value=&#8221;#ffffff&#8221;][vc_column][\/vc_column][\/vc_row][vc_row gap=&#8221;30&#8243; padding_top=&#8221;40px&#8221; padding_bottom=&#8221;40px&#8221; padding_left=&#8221;10px&#8221; padding_right=&#8221;10px&#8221; bg_type=&#8221;bg_color&#8221; bg_color_value=&#8221;rgba(247,247,247,0.8)&#8221;][vc_column padding_right=&#8221;10px&#8221;][vc_column_text]ENKA SPOR E\u011e\u0130T\u0130M VE SOSYAL YARDIM VAKFI \u0130\u015eLETMES\u0130 (ENKA) Veri Sorumlusu olarak ki\u015fisel verilerinizin kullan\u0131lmas\u0131na ili\u015fkin anayasal haklar\u0131n\u0131z\u0131 kabul eder, bu haklara sayg\u0131 g\u00f6sterir ve korunmas\u0131 konusunda en iyi gayreti sarf eder. Web sitesinin belirli sayfalar\u0131 g\u00f6r\u00fcnt\u00fclenirken bilgisayar\u0131n\u0131zda baz\u0131 bilgiler depolanabilir. Bu bilgiler \u201c\u00c7erez\u201d veya benzer dosya formlar\u0131nda olacak ve sizlerin ilgi ve\/veya tercihlerinize daha&#8230;<\/p>\n","protected":false},"author":1,"featured_media":1395,"parent":0,"menu_order":0,"comment_status":"closed","ping_status":"closed","template":"","meta":{"_acf_changed":false,"om_disable_all_campaigns":false,"inline_featured_image":false,"_monsterinsights_skip_tracking":false,"_monsterinsights_sitenote_active":false,"_monsterinsights_sitenote_note":"","_monsterinsights_sitenote_category":0,"footnotes":""},"class_list":["post-14007","page","type-page","status-publish","has-post-thumbnail","hentry","custom-post-type-entry"],"aioseo_notices":[],"acf":[],"_links":{"self":[{"href":"https:\/\/www.enka.k12.tr\/adapazari\/wp-json\/wp\/v2\/pages\/14007","targetHints":{"allow":["GET"]}}],"collection":[{"href":"https:\/\/www.enka.k12.tr\/adapazari\/wp-json\/wp\/v2\/pages"}],"about":[{"href":"https:\/\/www.enka.k12.tr\/adapazari\/wp-json\/wp\/v2\/types\/page"}],"author":[{"embeddable":true,"href":"https:\/\/www.enka.k12.tr\/adapazari\/wp-json\/wp\/v2\/users\/1"}],"replies":[{"embeddable":true,"href":"https:\/\/www.enka.k12.tr\/adapazari\/wp-json\/wp\/v2\/comments?post=14007"}],"version-history":[{"count":0,"href":"https:\/\/www.enka.k12.tr\/adapazari\/wp-json\/wp\/v2\/pages\/14007\/revisions"}],"wp:featuredmedia":[{"embeddable":true,"href":"https:\/\/www.enka.k12.tr\/adapazari\/wp-json\/wp\/v2\/media\/1395"}],"wp:attachment":[{"href":"https:\/\/www.enka.k12.tr\/adapazari\/wp-json\/wp\/v2\/media?parent=14007"}],"curies":[{"name":"wp","href":"https:\/\/api.w.org\/{rel}","templated":true}]}}