{"id":371,"date":"2017-07-03T11:44:01","date_gmt":"2017-07-03T11:44:01","guid":{"rendered":"http:\/\/www.enka.com\/foundation\/schools\/adapazari\/activities\/silent-reading-activity\/"},"modified":"2021-03-23T12:11:54","modified_gmt":"2021-03-23T09:11:54","slug":"sessiz-okuma","status":"publish","type":"page","link":"https:\/\/www.enka.k12.tr\/adapazari\/etkinlikler\/sessiz-okuma\/","title":{"rendered":"SESS\u0130Z OKUMA"},"content":{"rendered":"<div class=\"wpb-content-wrapper\"><p>[vc_row][vc_column]<div id=\"ultimate-heading-694869f163949ee95\" class=\"uvc-heading ult-adjust-bottom-margin ultimate-heading-694869f163949ee95 uvc-5904 \" data-hspacer=\"line_with_icon\" data-hline_width=\"auto\" data-hicon_type=\"custom\" data-hborder_style=\"solid\" data-hborder_height=\"3\" data-hborder_color=\"#69b3e7\" data-icon_width=\"200\" data-hfixer=\"30\"  data-halign=\"center\" style=\"text-align:center\"><div class=\"uvc-heading-spacer line_with_icon\" style=\"top\"><div class=\"ult-just-icon-wrapper  \"><div class=\"align-icon\" style=\"text-align:center;\">\n<div class=\"aio-icon-img \" style=\"font-size:200px;display:inline-block;\" >\n\t<img decoding=\"async\" class=\"img-icon\" alt=\"null\" src=\"https:\/\/www.enka.k12.tr\/adapazari\/wp-content\/uploads\/2021\/03\/enka_schools_log_newtr.jpg\"\/>\n<\/div><\/div><\/div><\/div><div class=\"uvc-sub-heading ult-responsive\"  data-ultimate-target='.uvc-heading.ultimate-heading-694869f163949ee95 .uvc-sub-heading '  data-responsive-json-new='{\"font-size\":\"\",\"line-height\":\"\"}'  style=\"font-weight:normal;\"><br \/><\/div><\/div><div class=\"ult-spacer spacer-69f163949eefe\" data-id=\"69f163949eefe\" data-height=\"30\" data-height-mobile=\"10\" data-height-tab=\"20\" data-height-tab-portrait=\"\" data-height-mobile-landscape=\"\" style=\"clear:both;display:block;\"><\/div>[\/vc_column][\/vc_row][vc_row gap=&#8221;30&#8243; padding_top=&#8221;40px&#8221; padding_bottom=&#8221;0px&#8221; padding_left=&#8221;10px&#8221; padding_right=&#8221;10px&#8221; bg_type=&#8221;bg_color&#8221; bg_color_value=&#8221;rgba(247,247,247,0.8)&#8221;][vc_column]<div id=\"ultimate-heading-291169f163949ef71\" class=\"uvc-heading ult-adjust-bottom-margin ultimate-heading-291169f163949ef71 uvc-4699 \" data-hspacer=\"line_only\"  data-halign=\"left\" style=\"text-align:left\"><div class=\"uvc-main-heading ult-responsive\"  data-ultimate-target='.uvc-heading.ultimate-heading-291169f163949ef71 h2'  data-responsive-json-new='{\"font-size\":\"desktop:20px;\",\"line-height\":\"desktop:50px;\"}' ><h2 style=\"font-weight:normal;color:#000000;\">SESS\u0130Z<\/h2><\/div><div class=\"uvc-sub-heading ult-responsive\"  data-ultimate-target='.uvc-heading.ultimate-heading-291169f163949ef71 .uvc-sub-heading '  data-responsive-json-new='{\"font-size\":\"desktop:50px;tablet:48px;tablet_portrait:48px;mobile_landscape:44px;mobile:42px;\",\"line-height\":\"desktop:50px;tablet:48px;tablet_portrait:46px;mobile_landscape:44px;mobile:42px;\"}'  style=\"font-weight:bold;color:#000000;\"><span style=\"color: #69b3e7;\">OKUMA<\/span><\/div><div class=\"uvc-heading-spacer line_only\" style=\"margin-top:10px;height:3px;\"><span class=\"uvc-headings-line\" style=\"border-style:solid;border-bottom-width:3px;border-color:#000000;width:100px;\"><\/span><\/div><\/div>[\/vc_column][\/vc_row][vc_row gap=&#8221;30&#8243; padding_top=&#8221;40px&#8221; padding_bottom=&#8221;0px&#8221; padding_left=&#8221;10px&#8221; padding_right=&#8221;10px&#8221; bg_type=&#8221;bg_color&#8221; bg_color_value=&#8221;rgba(247,247,247,0.8)&#8221;][vc_column width=&#8221;2\/3&#8243;][vc_column_text]Adapazar\u0131 ENKA Okullar\u0131 olarak bu y\u0131l be\u015fincisini d\u00fczenleyece\u011fimiz \u201cSessiz Okuma Eylemi\u201d etkinli\u011fimizi 26 May\u0131s 2013 Pazar g\u00fcn\u00fc, Adapazar\u0131 \u015fehir merkezindeki Serdivanpark al\u0131\u015fveri\u015f merkezinde 13.00 &#8211; 16.00 saatleri aras\u0131nda ger\u00e7ekle\u015ftiriyoruz.<\/p>\n<p>Okuyan birey, okuyan okul, okuyan toplum\u2026 Okuyarak \u00f6zg\u00fcrl\u00fc\u011f\u00fcn fark\u0131na varan, farkl\u0131 d\u00fcnyalar ke\u015ffeden, ele\u015ftiren, daha g\u00fczele do\u011fru ad\u0131m atan bir toplumun bireyi olabilmek i\u00e7in okuyoruz.<\/p>\n<p>Bu y\u0131lki temam\u0131z \u201cOkumak bir bo\u015f zaman etkinli\u011fi de\u011fil, temel ihtiya\u00e7lar\u0131ndan biridir\u201d[\/vc_column_text]<div class=\"ult-spacer spacer-69f163949efe7\" data-id=\"69f163949efe7\" data-height=\"30\" data-height-mobile=\"10\" data-height-tab=\"20\" data-height-tab-portrait=\"\" data-height-mobile-landscape=\"\" style=\"clear:both;display:block;\"><\/div>[\/vc_column][vc_column width=&#8221;1\/3&#8243;][vc_single_image image=&#8221;2270&#8243; img_size=&#8221;full&#8221;][\/vc_column][\/vc_row][vc_row gap=&#8221;30&#8243; padding_top=&#8221;40px&#8221; padding_bottom=&#8221;0px&#8221; padding_left=&#8221;10px&#8221; padding_right=&#8221;10px&#8221; bg_type=&#8221;bg_color&#8221; bg_color_value=&#8221;rgba(247,247,247,0.8)&#8221;][vc_column][vc_column_text]\u00d6\u011frenme ihtiyac\u0131n\u0131n sadece e\u011fitim kurumlar\u0131 dahilinde kalmay\u0131p, bu ihtiyac\u0131 gidermek amac\u0131yla; i\u00e7inde ya\u015fad\u0131\u011f\u0131m\u0131z toplumun da katk\u0131s\u0131, okuma al\u0131\u015fkanl\u0131\u011f\u0131n\u0131n geli\u015fiminde son derece \u00f6nemlidir.<\/p>\n<p>Kitap okumak belirli mekanlar d\u0131\u015f\u0131nda, imkan yarat\u0131lan her ortamda m\u00fcmk\u00fcn olabilece\u011fi fikrini yaymaya \u00e7al\u0131\u015f\u0131yoruz. Al\u0131\u015fveri\u015f merkezinin en \u00e7ok ilgi \u00e7ekecek vitrini se\u00e7tik, ENKA ti\u015f\u00f6rtl\u00fc \u00f6\u011frenciler o vitrinlere oturup kitap okuyacaklar, serbest kat\u0131l\u0131mc\u0131lar da ortak kullan\u0131m alanlar\u0131n\u0131 kullanarak bizlere destek verecekler. Etkinlikle; okumayan, en de\u011ferli varl\u0131\u011f\u0131m\u0131z olan zaman\u0131m\u0131z\u0131 bo\u015fa harcayan halk\u0131m\u0131z\u0131n bu al\u0131\u015fkanl\u0131\u011f\u0131n\u0131 okuyarak protesto ediyoruz. 2009, 2010 y\u0131llar\u0131ndaki Sessiz Okuma Eylemimizde Adapazar\u0131 \u015eehir merkezindeki AdaCenter AVM\u2019de, 2011, 2012 y\u0131llar\u0131nda halk\u0131n yo\u011fun olarak kulland\u0131\u011f\u0131 kent merkezindeki Kentpark\u2019ta kitaplar\u0131m\u0131z\u0131 okuduk. Kat\u0131l\u0131m \u00e7ok kolay, etkinlik merkezine gelip kitap, dergi, gazete, e-kitap; okunabilecek herhangi bir materyali okumak yeterli.<\/p>\n<p>Toplumumuzun geli\u015fip de\u011fi\u015fmesi, en ucuz \u00f6\u011frenme y\u00f6ntemi olan kitap okuyarak m\u00fcmk\u00fcnd\u00fcr. Al\u0131\u015fkanl\u0131k haline getirdi\u011fimiz \u201cKitap okumak i\u00e7in hi\u00e7 bo\u015f zaman\u0131m yok\u201d yanl\u0131\u015f alg\u0131s\u0131n\u0131 de\u011fi\u015ftirmek, toplumsal geli\u015fmenin kitaptan ve okumaktan ge\u00e7ti\u011fi fark\u0131ndal\u0131\u011f\u0131n\u0131 yaratmak istiyoruz. Bu y\u0131l 5. sini d\u00fczenleyece\u011fimiz etkinli\u011fimiz i\u00e7in bizlere destek veren SerdivanPark al\u0131\u015fveri\u015f merkezi y\u00f6neticilerine \u015fimdiden te\u015fekk\u00fcr ediyoruz.<\/p>\n<p>Organizasyon dahilindeki etkinlikler: *Okuma al\u0131\u015fkanl\u0131\u011f\u0131yla ilgili s\u00f6yle\u015fi (Kahve D\u00fcnyas\u0131\/\u0130talyan \u0130\u015fi Restaurant) *D\u00fcnden Bug\u00fcne Sessiz Okuma Eylemi \u00a0foto\u011fraf sergisi (Zemin kat)[\/vc_column_text][\/vc_column][\/vc_row]<\/p>\n<\/div>","protected":false},"excerpt":{"rendered":"<p>[vc_row][vc_column][\/vc_column][\/vc_row][vc_row gap=&#8221;30&#8243; padding_top=&#8221;40px&#8221; padding_bottom=&#8221;0px&#8221; padding_left=&#8221;10px&#8221; padding_right=&#8221;10px&#8221; bg_type=&#8221;bg_color&#8221; bg_color_value=&#8221;rgba(247,247,247,0.8)&#8221;][vc_column][\/vc_column][\/vc_row][vc_row gap=&#8221;30&#8243; padding_top=&#8221;40px&#8221; padding_bottom=&#8221;0px&#8221; padding_left=&#8221;10px&#8221; padding_right=&#8221;10px&#8221; bg_type=&#8221;bg_color&#8221; bg_color_value=&#8221;rgba(247,247,247,0.8)&#8221;][vc_column width=&#8221;2\/3&#8243;][vc_column_text]Adapazar\u0131 ENKA Okullar\u0131 olarak bu y\u0131l be\u015fincisini d\u00fczenleyece\u011fimiz \u201cSessiz Okuma Eylemi\u201d etkinli\u011fimizi 26 May\u0131s 2013 Pazar g\u00fcn\u00fc, Adapazar\u0131 \u015fehir merkezindeki Serdivanpark al\u0131\u015fveri\u015f merkezinde 13.00 &#8211; 16.00 saatleri aras\u0131nda ger\u00e7ekle\u015ftiriyoruz. Okuyan birey, okuyan okul, okuyan toplum\u2026 Okuyarak \u00f6zg\u00fcrl\u00fc\u011f\u00fcn fark\u0131na varan, farkl\u0131 d\u00fcnyalar ke\u015ffeden, ele\u015ftiren, daha g\u00fczele do\u011fru ad\u0131m atan bir toplumun&#8230;<\/p>\n","protected":false},"author":2,"featured_media":1475,"parent":355,"menu_order":0,"comment_status":"closed","ping_status":"closed","template":"","meta":{"_acf_changed":false,"om_disable_all_campaigns":false,"inline_featured_image":false,"_monsterinsights_skip_tracking":false,"_monsterinsights_sitenote_active":false,"_monsterinsights_sitenote_note":"","_monsterinsights_sitenote_category":0,"footnotes":""},"class_list":["post-371","page","type-page","status-publish","has-post-thumbnail","hentry","custom-post-type-entry"],"aioseo_notices":[],"acf":[],"_links":{"self":[{"href":"https:\/\/www.enka.k12.tr\/adapazari\/wp-json\/wp\/v2\/pages\/371","targetHints":{"allow":["GET"]}}],"collection":[{"href":"https:\/\/www.enka.k12.tr\/adapazari\/wp-json\/wp\/v2\/pages"}],"about":[{"href":"https:\/\/www.enka.k12.tr\/adapazari\/wp-json\/wp\/v2\/types\/page"}],"author":[{"embeddable":true,"href":"https:\/\/www.enka.k12.tr\/adapazari\/wp-json\/wp\/v2\/users\/2"}],"replies":[{"embeddable":true,"href":"https:\/\/www.enka.k12.tr\/adapazari\/wp-json\/wp\/v2\/comments?post=371"}],"version-history":[{"count":0,"href":"https:\/\/www.enka.k12.tr\/adapazari\/wp-json\/wp\/v2\/pages\/371\/revisions"}],"up":[{"embeddable":true,"href":"https:\/\/www.enka.k12.tr\/adapazari\/wp-json\/wp\/v2\/pages\/355"}],"wp:featuredmedia":[{"embeddable":true,"href":"https:\/\/www.enka.k12.tr\/adapazari\/wp-json\/wp\/v2\/media\/1475"}],"wp:attachment":[{"href":"https:\/\/www.enka.k12.tr\/adapazari\/wp-json\/wp\/v2\/media?parent=371"}],"curies":[{"name":"wp","href":"https:\/\/api.w.org\/{rel}","templated":true}]}}

SESSİZ OKUMA

<div class="wpb-content-wrapper"><p>[vc_row][vc_column]<div id="ultimate-heading-694869f163949ee95" class="uvc-heading ult-adjust-bottom-margin ultimate-heading-694869f163949ee95 uvc-5904 " data-hspacer="line_with_icon" data-hline_width="auto" data-hicon_type="custom" data-hborder_style="solid" data-hborder_height="3" data-hborder_color="#69b3e7" data-icon_width="200" data-hfixer="30"  data-halign="center" style="text-align:center"><div class="uvc-heading-spacer line_with_icon" style="top"><div class="ult-just-icon-wrapper  "><div class="align-icon" style="text-align:center;">
<div class="aio-icon-img " style="font-size:200px;display:inline-block;" >
	<img decoding="async" class="img-icon" alt="null" src="https://www.enka.k12.tr/adapazari/wp-content/uploads/2021/03/enka_schools_log_newtr.jpg"/>
</div></div></div></div><div class="uvc-sub-heading ult-responsive"  data-ultimate-target='.uvc-heading.ultimate-heading-694869f163949ee95 .uvc-sub-heading '  data-responsive-json-new='{"font-size":"","line-height":""}'  style="font-weight:normal;"><br /></div></div><div class="ult-spacer spacer-69f163949eefe" data-id="69f163949eefe" data-height="30" data-height-mobile="10" data-height-tab="20" data-height-tab-portrait="" data-height-mobile-landscape="" style="clear:both;display:block;"></div>[/vc_column][/vc_row][vc_row gap=&#8221;30&#8243; padding_top=&#8221;40px&#8221; padding_bottom=&#8221;0px&#8221; padding_left=&#8221;10px&#8221; padding_right=&#8221;10px&#8221; bg_type=&#8221;bg_color&#8221; bg_color_value=&#8221;rgba(247,247,247,0.8)&#8221;][vc_column]<div id="ultimate-heading-291169f163949ef71" class="uvc-heading ult-adjust-bottom-margin ultimate-heading-291169f163949ef71 uvc-4699 " data-hspacer="line_only"  data-halign="left" style="text-align:left"><div class="uvc-main-heading ult-responsive"  data-ultimate-target='.uvc-heading.ultimate-heading-291169f163949ef71 h2'  data-responsive-json-new='{"font-size":"desktop:20px;","line-height":"desktop:50px;"}' ><h2 style="font-weight:normal;color:#000000;">SESSİZ</h2></div><div class="uvc-sub-heading ult-responsive"  data-ultimate-target='.uvc-heading.ultimate-heading-291169f163949ef71 .uvc-sub-heading '  data-responsive-json-new='{"font-size":"desktop:50px;tablet:48px;tablet_portrait:48px;mobile_landscape:44px;mobile:42px;","line-height":"desktop:50px;tablet:48px;tablet_portrait:46px;mobile_landscape:44px;mobile:42px;"}'  style="font-weight:bold;color:#000000;"><span style="color: #69b3e7;">OKUMA</span></div><div class="uvc-heading-spacer line_only" style="margin-top:10px;height:3px;"><span class="uvc-headings-line" style="border-style:solid;border-bottom-width:3px;border-color:#000000;width:100px;"></span></div></div>[/vc_column][/vc_row][vc_row gap=&#8221;30&#8243; padding_top=&#8221;40px&#8221; padding_bottom=&#8221;0px&#8221; padding_left=&#8221;10px&#8221; padding_right=&#8221;10px&#8221; bg_type=&#8221;bg_color&#8221; bg_color_value=&#8221;rgba(247,247,247,0.8)&#8221;][vc_column width=&#8221;2/3&#8243;][vc_column_text]Adapazarı ENKA Okulları olarak bu yıl beşincisini düzenleyeceğimiz “Sessiz Okuma Eylemi” etkinliğimizi 26 Mayıs 2013 Pazar günü, Adapazarı şehir merkezindeki Serdivanpark alışveriş merkezinde 13.00 &#8211; 16.00 saatleri arasında gerçekleştiriyoruz.</p>
<p>Okuyan birey, okuyan okul, okuyan toplum… Okuyarak özgürlüğün farkına varan, farklı dünyalar keşfeden, eleştiren, daha güzele doğru adım atan bir toplumun bireyi olabilmek için okuyoruz.</p>
<p>Bu yılki temamız “Okumak bir boş zaman etkinliği değil, temel ihtiyaçlarından biridir”[/vc_column_text]<div class="ult-spacer spacer-69f163949efe7" data-id="69f163949efe7" data-height="30" data-height-mobile="10" data-height-tab="20" data-height-tab-portrait="" data-height-mobile-landscape="" style="clear:both;display:block;"></div>[/vc_column][vc_column width=&#8221;1/3&#8243;][vc_single_image image=&#8221;2270&#8243; img_size=&#8221;full&#8221;][/vc_column][/vc_row][vc_row gap=&#8221;30&#8243; padding_top=&#8221;40px&#8221; padding_bottom=&#8221;0px&#8221; padding_left=&#8221;10px&#8221; padding_right=&#8221;10px&#8221; bg_type=&#8221;bg_color&#8221; bg_color_value=&#8221;rgba(247,247,247,0.8)&#8221;][vc_column][vc_column_text]Öğrenme ihtiyacının sadece eğitim kurumları dahilinde kalmayıp, bu ihtiyacı gidermek amacıyla; içinde yaşadığımız toplumun da katkısı, okuma alışkanlığının gelişiminde son derece önemlidir.</p>
<p>Kitap okumak belirli mekanlar dışında, imkan yaratılan her ortamda mümkün olabileceği fikrini yaymaya çalışıyoruz. Alışveriş merkezinin en çok ilgi çekecek vitrini seçtik, ENKA tişörtlü öğrenciler o vitrinlere oturup kitap okuyacaklar, serbest katılımcılar da ortak kullanım alanlarını kullanarak bizlere destek verecekler. Etkinlikle; okumayan, en değerli varlığımız olan zamanımızı boşa harcayan halkımızın bu alışkanlığını okuyarak protesto ediyoruz. 2009, 2010 yıllarındaki Sessiz Okuma Eylemimizde Adapazarı Şehir merkezindeki AdaCenter AVM’de, 2011, 2012 yıllarında halkın yoğun olarak kullandığı kent merkezindeki Kentpark’ta kitaplarımızı okuduk. Katılım çok kolay, etkinlik merkezine gelip kitap, dergi, gazete, e-kitap; okunabilecek herhangi bir materyali okumak yeterli.</p>
<p>Toplumumuzun gelişip değişmesi, en ucuz öğrenme yöntemi olan kitap okuyarak mümkündür. Alışkanlık haline getirdiğimiz “Kitap okumak için hiç boş zamanım yok” yanlış algısını değiştirmek, toplumsal gelişmenin kitaptan ve okumaktan geçtiği farkındalığını yaratmak istiyoruz. Bu yıl 5. sini düzenleyeceğimiz etkinliğimiz için bizlere destek veren SerdivanPark alışveriş merkezi yöneticilerine şimdiden teşekkür ediyoruz.</p>
<p>Organizasyon dahilindeki etkinlikler: *Okuma alışkanlığıyla ilgili söyleşi (Kahve Dünyası/İtalyan İşi Restaurant) *Dünden Bugüne Sessiz Okuma Eylemi  fotoğraf sergisi (Zemin kat)[/vc_column_text][/vc_column][/vc_row]</p>
</div>

<p>[vc_row][vc_column][/vc_column][/vc_row][vc_row gap=&#8221;30&#8243; padding_top=&#8221;40px&#8221; padding_bottom=&#8221;0px&#8221; padding_left=&#8221;10px&#8221; padding_right=&#8221;10px&#8221; bg_type=&#8221;bg_color&#8221; bg_color_value=&#8221;rgba(247,247,247,0.8)&#8221;][vc_column][/vc_column][/vc_row][vc_row gap=&#8221;30&#8243; padding_top=&#8221;40px&#8221; padding_bottom=&#8221;0px&#8221; padding_left=&#8221;10px&#8221; padding_right=&#8221;10px&#8221; bg_type=&#8221;bg_color&#8221; bg_color_value=&#8221;rgba(247,247,247,0.8)&#8221;][vc_column width=&#8221;2/3&#8243;][vc_column_text]Adapazarı ENKA Okulları olarak bu yıl beşincisini düzenleyeceğimiz “Sessiz Okuma Eylemi” etkinliğimizi 26 Mayıs 2013 Pazar günü, Adapazarı şehir merkezindeki Serdivanpark alışveriş merkezinde 13.00 &#8211; 16.00 saatleri arasında gerçekleştiriyoruz. Okuyan birey, okuyan okul, okuyan toplum… Okuyarak özgürlüğün farkına varan, farklı dünyalar keşfeden, eleştiren, daha güzele doğru adım atan bir toplumun&#8230;</p>
