{"id":388,"date":"2017-07-03T11:53:42","date_gmt":"2017-07-03T11:53:42","guid":{"rendered":"http:\/\/www.enka.com\/foundation\/schools\/adapazari\/library\/guide-to-prepare-sources\/"},"modified":"2021-04-20T09:37:56","modified_gmt":"2021-04-20T06:37:56","slug":"kaynakca-hazirlama-rehberi","status":"publish","type":"page","link":"https:\/\/www.enka.k12.tr\/adapazari\/kutuphane\/kaynakca-hazirlama-rehberi\/","title":{"rendered":"KAYNAK\u00c7A HAZIRLAMA REHBER\u0130"},"content":{"rendered":"<div class=\"wpb-content-wrapper\"><p>[vc_row][vc_column]<div id=\"ultimate-heading-9216a04a2ce5befd\" class=\"uvc-heading ult-adjust-bottom-margin ultimate-heading-9216a04a2ce5befd uvc-4195 \" data-hspacer=\"line_with_icon\" data-hline_width=\"auto\" data-hicon_type=\"custom\" data-hborder_style=\"solid\" data-hborder_height=\"3\" data-hborder_color=\"#69b3e7\" data-icon_width=\"200\" data-hfixer=\"30\"  data-halign=\"center\" style=\"text-align:center\"><div class=\"uvc-heading-spacer line_with_icon\" style=\"top\"><div class=\"ult-just-icon-wrapper  \"><div class=\"align-icon\" style=\"text-align:center;\">\n<div class=\"aio-icon-img \" style=\"font-size:200px;display:inline-block;\" >\n\t<img decoding=\"async\" class=\"img-icon\" alt=\"null\" src=\"https:\/\/www.enka.k12.tr\/adapazari\/wp-content\/uploads\/2021\/03\/enka_schools_log_newtr.jpg\"\/>\n<\/div><\/div><\/div><\/div><div class=\"uvc-sub-heading ult-responsive\"  data-ultimate-target='.uvc-heading.ultimate-heading-9216a04a2ce5befd .uvc-sub-heading '  data-responsive-json-new='{\"font-size\":\"\",\"line-height\":\"\"}'  style=\"font-weight:normal;\"><br \/>\n<\/div><\/div>[\/vc_column][\/vc_row][vc_row gap=&#8221;30&#8243; padding_top=&#8221;40px&#8221; padding_bottom=&#8221;0px&#8221; padding_left=&#8221;10px&#8221; padding_right=&#8221;10px&#8221; bg_type=&#8221;bg_color&#8221; bg_color_value=&#8221;rgba(247,247,247,0.8)&#8221;][vc_column]<div id=\"ultimate-heading-53286a04a2ce5bf82\" class=\"uvc-heading ult-adjust-bottom-margin ultimate-heading-53286a04a2ce5bf82 uvc-3523 \" data-hspacer=\"line_only\"  data-halign=\"left\" style=\"text-align:left\"><div class=\"uvc-main-heading ult-responsive\"  data-ultimate-target='.uvc-heading.ultimate-heading-53286a04a2ce5bf82 h2'  data-responsive-json-new='{\"font-size\":\"desktop:20px;\",\"line-height\":\"desktop:50px;\"}' ><h2 style=\"font-weight:normal;color:#000000;\">KAYNAK\u00c7A<\/h2><\/div><div class=\"uvc-sub-heading ult-responsive\"  data-ultimate-target='.uvc-heading.ultimate-heading-53286a04a2ce5bf82 .uvc-sub-heading '  data-responsive-json-new='{\"font-size\":\"desktop:50px;tablet:48px;tablet_portrait:46px;mobile_landscape:44px;mobile:42px;\",\"line-height\":\"desktop:50px;tablet:48px;tablet_portrait:46px;mobile_landscape:44px;mobile:42px;\"}'  style=\"font-weight:bold;color:#000000;\"><span style=\"color: #69b3e7;\">HAZIRLAMA<\/span> <span style=\"color: #000000;\">REHBER\u0130<\/span><\/div><div class=\"uvc-heading-spacer line_only\" style=\"margin-top:10px;height:3px;\"><span class=\"uvc-headings-line\" style=\"border-style:solid;border-bottom-width:3px;border-color:#000000;width:100px;\"><\/span><\/div><\/div>[\/vc_column][\/vc_row][vc_row gap=&#8221;30&#8243; padding_top=&#8221;40px&#8221; padding_bottom=&#8221;0px&#8221; padding_left=&#8221;10px&#8221; padding_right=&#8221;10px&#8221; bg_type=&#8221;bg_color&#8221; bg_color_value=&#8221;rgba(247,247,247,0.8)&#8221;][vc_column width=&#8221;2\/3&#8243;][vc_column_text]<\/p>\n<h1 style=\"text-align: left;\"><span style=\"font-size: 18pt;\"><strong>MLA Referans G\u00f6sterme Rehberi<\/strong><\/span><\/h1>\n<p style=\"text-align: left;\"><span style=\"font-size: 14pt;\"><strong>1\u00a0<\/strong><strong>G\u0130R\u0130\u015e<\/strong><\/span><\/p>\n<p>Yaln\u0131zca akademik \u00e7al\u0131\u015fmalarda de\u011fil, bilgi payla\u015f\u0131m\u0131 amac\u0131yla sunulan her t\u00fcrl\u00fc yaz\u0131l\u0131 ve s\u00f6zl\u00fc \u00e7al\u0131\u015fmada yararlan\u0131lan kaynaklar\u0131 eksiksiz olarak belirtmek, hukuki ve ahlaki y\u00fck\u00fcml\u00fcl\u00fckt\u00fcr. Bilginin sa\u011fl\u0131kl\u0131 bir \u015fekilde ortaya \u00e7\u0131kmas\u0131, yay\u0131lmas\u0131, d\u00fczeltilmesi, geli\u015ftirilmesi ve bilgi kirlili\u011finin \u00f6n\u00fcne ge\u00e7ilmesi i\u00e7in \u00e7al\u0131\u015fmalar\u0131n sorumlulu\u011funun bireysel olarak \u00fcstlenilmesi, bunun i\u00e7in de \u00f6ncelikle, di\u011fer bilgi \u00fcreticilerinin hakk\u0131n\u0131n verilmesi gerekir.[\/vc_column_text][\/vc_column][vc_column width=&#8221;1\/3&#8243;]<div class=\"ult-spacer spacer-6a04a2ce5c012\" data-id=\"6a04a2ce5c012\" data-height=\"30\" data-height-mobile=\"10\" data-height-tab=\"20\" data-height-tab-portrait=\"\" data-height-mobile-landscape=\"\" style=\"clear:both;display:block;\"><\/div>[vc_single_image image=&#8221;3356&#8243; img_size=&#8221;full&#8221;][\/vc_column][\/vc_row][vc_row gap=&#8221;30&#8243; padding_top=&#8221;40px&#8221; padding_bottom=&#8221;0px&#8221; padding_left=&#8221;10px&#8221; padding_right=&#8221;10px&#8221; bg_type=&#8221;bg_color&#8221; bg_color_value=&#8221;rgba(247,247,247,0.8)&#8221;][vc_column][vc_column_text]Yararlan\u0131lan kaynaklar\u0131n belli bir d\u00fczen i\u00e7inde belirtilmesi i\u00e7in farkl\u0131 disiplinlerin gereksinimlerini kar\u015f\u0131layan bir\u00e7ok uluslararas\u0131 standart geli\u015ftirilmi\u015ftir. Bunlar aras\u0131nda g\u00f6r\u00fcn\u00fc\u015f \u00f6zellikleri a\u00e7\u0131s\u0131ndan \u00f6nemli farkl\u0131l\u0131klar vard\u0131r; ancak hepsinde temel ve ortak olan bir ilke vard\u0131r: <strong>Kayna\u011f\u0131n yazar\u0131n\u0131n, ba\u015fl\u0131\u011f\u0131n\u0131n, yay\u0131n bilgisinin, tarihinin ve sayfa numaralar\u0131n\u0131n<\/strong> eksiksiz olarak belirtilmesi. Dolay\u0131s\u0131yla, mevcut uluslararas\u0131 kaynak g\u00f6sterme kurallar\u0131ndan herhangi birini do\u011fru kullanmay\u0131 \u00f6\u011frenen bir \u00f6\u011frenci, o standarttan ba\u015fka bir standarda kolayl\u0131kla ge\u00e7i\u015f yapabilir.<\/p>\n<p>Kullan\u0131lan kaynaklar\u0131n sunumu konusunda iki temel yakla\u015f\u0131m vard\u0131r: <strong>Dipnot ya da sonnot sunumu; kaynak\u00e7ada sunumu.<\/strong> Bu konuda yayg\u0131n olarak kullan\u0131lan APA (American Psychological Association) y\u00f6ntemi ile MLA (Modern Language Association) y\u00f6ntemlerinin uygulanmas\u0131 beklenmektedir.<\/p>\n<p>Her iki y\u00f6ntemin de iki temel \u00f6\u011fesi bulunur: <strong>Metin i\u00e7inde kaynaklara k\u0131sa g\u00f6ndermeler yapmak ve metin sonunda kaynak bilgilerinin ayr\u0131nt\u0131lar\u0131n\u0131 veren bir kaynak\u00e7a d\u00fczenlemek.<\/strong> Metin i\u00e7inde g\u00f6nderme yap\u0131lan kaynaklar\u0131n kaynak\u00e7ada eksiksiz olarak yer almas\u0131 gerekir.<\/p>\n<p>Okul Akademik D\u00fcr\u00fcstl\u00fck (bundan sonra AD olarak ge\u00e7ecektir) Politikam\u0131z\u0131 olu\u015ftururken temel alaca\u011f\u0131m\u0131z kaynak\u00e7a format\u0131 <strong>MLA (Modern Language Association) <\/strong>olacakt\u0131r. Bu format okul uygulamam\u0131z i\u00e7in esas al\u0131n\u0131rken yararland\u0131\u011f\u0131m\u0131z kaynak\u00a0yerine <a href=\"https:\/\/style.mla.org\/works-cited\/citations-by-format\/\">Citations by Format | MLA Style Center<\/a> web sitesidir.<\/p>\n<p><strong>MLA format\u0131 uygulan\u0131rken temel iki kriterle kar\u015f\u0131la\u015f\u0131l\u0131r.<\/strong><\/p>\n<p><strong>G\u00f6r\u00fcn\u00fcmle ilgili kriterler<\/strong><\/p>\n<p><strong>\u0130\u00e7erikle ilgili kriterler\u00a0<\/strong>[\/vc_column_text][\/vc_column][\/vc_row][vc_row gap=&#8221;30&#8243; padding_top=&#8221;40px&#8221; padding_bottom=&#8221;0px&#8221; padding_left=&#8221;10px&#8221; padding_right=&#8221;10px&#8221; bg_type=&#8221;bg_color&#8221; bg_color_value=&#8221;rgba(247,247,247,0.8)&#8221;][vc_column width=&#8221;1\/2&#8243;][vc_column_text]<\/p>\n<p style=\"text-align: left;\"><span style=\"font-size: 14pt;\"><strong>2 G\u00d6R\u00dcN\u00dcMLE \u0130LG\u0130L\u0130 KR\u0130TERLER<\/strong><\/span><\/p>\n<p><strong>\u00d6dev ve ara\u015ft\u0131rma ka\u011f\u0131d\u0131 format\u0131<\/strong><\/p>\n<p><strong>G\u00fcnl\u00fck \u00f6dev ya da ara\u015ft\u0131rmalar i\u00e7in kulland\u0131\u011f\u0131m\u0131z ka\u011f\u0131d\u0131n g\u00f6r\u00fcn\u00fcm\u00fcyle ilgili standartlar a\u015fa\u011f\u0131dad\u0131r. <\/strong><\/p>\n<ul>\n<li>Kenar Bo\u015fluklar\u0131: 2,5 cm. (alttan, \u00fcstten, sa\u011fdan ve soldan)<\/li>\n<li>Yaz\u0131 tipi: Times New Roman<\/li>\n<li>Yaz\u0131 tipi boyutu: 12 punto<\/li>\n<li>Metin ba\u015fl\u0131klar\u0131: 12 punto, koyu ve sayfaya ortalan\u0131r<\/li>\n<li>\u0130\u00e7erik metni: 12 punto ve normal<\/li>\n<li>Paragraflar 1 tab bo\u015fluk b\u0131rak\u0131ld\u0131ktan sonra ba\u015flar<\/li>\n<li>\u00d6dev ve ara\u015ft\u0131rma ka\u011f\u0131tlar\u0131 i\u00e7in ayr\u0131ca bir kapak haz\u0131rlanmaz<\/li>\n<\/ul>\n<p>[\/vc_column_text][\/vc_column][vc_column width=&#8221;1\/2&#8243; padding_right=&#8221;10px&#8221;]<div class=\"ult-spacer spacer-6a04a2ce5c04c\" data-id=\"6a04a2ce5c04c\" data-height=\"40\" data-height-mobile=\"10\" data-height-tab=\"20\" data-height-tab-portrait=\"\" data-height-mobile-landscape=\"\" style=\"clear:both;display:block;\"><\/div>[vc_column_text]<\/p>\n<p style=\"text-align: justify;\">\u0130lk sayfan\u0131n sol \u00fcst k\u00f6\u015fesine a\u015fa\u011f\u0131daki bilgiler yaz\u0131l\u0131r, sonunda iki sat\u0131r bo\u015fluk b\u0131rak\u0131l\u0131r<\/p>\n<p style=\"text-align: left;\">\u00d6\u011frenci Ad\u0131 Soyad\u0131<\/p>\n<p style=\"text-align: left;\">S\u0131n\u0131f\u0131<\/p>\n<p style=\"text-align: left;\">\u00d6\u011fretmen Ad\u0131 Soyad\u0131<\/p>\n<p style=\"text-align: left;\">Dersin Ad\u0131<\/p>\n<p style=\"text-align: left;\">\u00d6dev\/Ara\u015ft\u0131rma Tarihi<\/p>\n<p>[\/vc_column_text][\/vc_column][\/vc_row][vc_row gap=&#8221;30&#8243; padding_top=&#8221;40px&#8221; padding_bottom=&#8221;0px&#8221; padding_left=&#8221;10px&#8221; padding_right=&#8221;10px&#8221; bg_type=&#8221;bg_color&#8221; bg_color_value=&#8221;rgba(247,247,247,0.8)&#8221;][vc_column width=&#8221;1\/2&#8243;][vc_column_text]<\/p>\n<div class=\"wpb_row vc_row clr vc_row-fluid ult-vc-hide-row vc_row-has-fill\" data-rtl=\"false\" data-row-effect-mobile-disable=\"true\">\n<div class=\"clr \">\n<div class=\"vc_col-sm-12 wpb_column column_container \">\n<div class=\"clr \">\n<div class=\"wpb_text_column wpb_content_element \">\n<div class=\"wpb_wrapper\">\n<ul>\n<li>Ba\u015fl\u0131kta ilk harfler b\u00fcy\u00fck yaz\u0131l\u0131r<\/li>\n<li>Ba\u015fl\u0131k ve metin aras\u0131nda iki sat\u0131r bo\u015fluk b\u0131rak\u0131l\u0131r<\/li>\n<li>Sayfalar, alt ortaya gelecek \u015fekilde numaraland\u0131r\u0131l\u0131r<\/li>\n<li>Dipnot; sayfan\u0131n alt\u0131nda, 2,5 cm.\u2019lik bo\u015flu\u011fun hemen \u00fczerinde yer al\u0131r<\/li>\n<li>Dipnotta a\u00e7\u0131klanacak kelime ya da kavramlar, \u00fczerine numara yaz\u0131larak (\u00f6rnek1) g\u00f6sterilir.<\/li>\n<li>Dipnot numaralar\u0131 ard\u0131\u015f\u0131k olarak (1, 2, 3,4\u202699\u2026) devam eder.<\/li>\n<\/ul>\n<\/div>\n<\/div>\n<\/div>\n<\/div>\n<\/div>\n<\/div>\n<p>[\/vc_column_text][\/vc_column][vc_column width=&#8221;1\/2&#8243;]<div class=\"ult-spacer spacer-6a04a2ce5c07e\" data-id=\"6a04a2ce5c07e\" data-height=\"40\" data-height-mobile=\"10\" data-height-tab=\"20\" data-height-tab-portrait=\"\" data-height-mobile-landscape=\"\" style=\"clear:both;display:block;\"><\/div>[vc_single_image image=&#8221;3352&#8243; img_size=&#8221;medium&#8221;][\/vc_column][\/vc_row][vc_row full_width=&#8221;stretch_row_content_no_spaces&#8221; gap=&#8221;30&#8243; padding_top=&#8221;10px&#8221; padding_bottom=&#8221;40px&#8221; padding_left=&#8221;10px&#8221; padding_right=&#8221;10px&#8221; bg_type=&#8221;bg_color&#8221; bg_color_value=&#8221;rgba(247,247,247,0.8)&#8221;][vc_column padding_right=&#8221;10px&#8221;]<div class=\"ult-spacer spacer-6a04a2ce5c0ac\" data-id=\"6a04a2ce5c0ac\" data-height=\"30\" data-height-mobile=\"10\" data-height-tab=\"20\" data-height-tab-portrait=\"\" data-height-mobile-landscape=\"\" style=\"clear:both;display:block;\"><\/div>[vc_tta_accordion style=&#8221;flat&#8221; shape=&#8221;square&#8221; color=&#8221;sky&#8221; spacing=&#8221;3&#8243; active_section=&#8221;0&#8243; no_fill=&#8221;true&#8221; collapsible_all=&#8221;true&#8221;][vc_tta_section title=&#8221;3.1 MET\u0130N \u0130\u00c7\u0130NDE REFERANS G\u00d6STERME&#8221; tab_id=&#8221;metin_icinde&#8221;][vc_column_text]<span style=\"font-size: 14pt;\"><strong>Al\u0131nt\u0131 yapma<\/strong><\/span><\/p>\n<p>Al\u0131nt\u0131: Bir ifadenin ya da c\u00fcmlenin, kaynaktan oldu\u011fu gibi al\u0131n\u0131p ara\u015ft\u0131rma ya da \u00f6devde kullan\u0131larak kayna\u011f\u0131n\u0131n k\u0131saca belirtilmesidir.<\/p>\n<p><span style=\"font-size: 14pt;\"><strong>Tek yazarl\u0131 yay\u0131nlarda al\u0131nt\u0131 yapma<\/strong><\/span><\/p>\n<p>Al\u0131nt\u0131 yap\u0131lan ifade t\u0131rnak i\u00e7erisinde yaz\u0131l\u0131r. Yazar soyad\u0131 ve sayfa numaras\u0131 parantez i\u00e7inde g\u00f6sterilir ve nokta konur.<\/p>\n<p><span style=\"font-size: 14pt;\"><strong>\u00d6rnek:<\/strong><\/span><\/p>\n<p>\u201cal\u0131nt\u0131lanan ifade\u201d (soyad\u0131\/kurum\/komisyon 34).<\/p>\n<p><strong>Referansta bulunulan sorumlu ki\u015fi, komisyon ya da kurum bilgisi al\u0131nt\u0131 yap\u0131lan ifade i\u00e7erisinde ge\u00e7iyorsa, parantez i\u00e7erisinde sadece sayfa numaras\u0131 yaz\u0131l\u0131r.<\/strong><\/p>\n<p><span style=\"font-size: 14pt;\"><strong>\u00d6rnek:<\/strong><\/span><\/p>\n<p>\u201cal\u0131nt\u0131lanan ifade\u201d (34).<\/p>\n<p><span style=\"font-size: 14pt;\"><strong>\u0130ki yazarl\u0131 yay\u0131nlarda al\u0131nt\u0131 yapma<\/strong><\/span><\/p>\n<p>Al\u0131nt\u0131 yap\u0131lan ifade t\u0131rnak i\u00e7erisinde yaz\u0131l\u0131r. Yazar soyadlar\u0131 aras\u0131na virg\u00fcl koyulur ve sayfa numaras\u0131 parantez i\u00e7inde g\u00f6sterilir ve nokta konur.<\/p>\n<p><span style=\"font-size: 14pt;\"><strong>\u00d6rnek:<\/strong><\/span><\/p>\n<p>\u201cal\u0131nt\u0131lanan ifade\u201d (Ko\u00e7, Atakan 34).<\/p>\n<p><span style=\"font-size: 14pt;\"><strong>\u00dc\u00e7 yazarl\u0131 yay\u0131nlarda al\u0131nt\u0131 yapma<\/strong><\/span><\/p>\n<p>Al\u0131nt\u0131 yap\u0131lan ifade t\u0131rnak i\u00e7erisinde yaz\u0131l\u0131r. \u0130lk iki yazar\u0131n soyadlar\u0131 aras\u0131na virg\u00fcl koyulur, \u201cve\u201d ba\u011flac\u0131yla \u00fc\u00e7\u00fcnc\u00fc yazar\u0131n soyad\u0131 yaz\u0131larak sayfa numaras\u0131yla parantez i\u00e7inde g\u00f6sterilir ve nokta konur.<\/p>\n<p><span style=\"font-size: 14pt;\"><strong>\u00d6rnek:<\/strong><\/span><\/p>\n<p>\u201cal\u0131nt\u0131lanan ifade\u201d (Y\u0131lmaz, Atakan ve Ko\u00e7 34).<\/p>\n<p><span style=\"font-size: 14pt;\"><strong>\u00dc\u00e7ten fazla yazarl\u0131 yay\u0131nlarda al\u0131nt\u0131 yapma<\/strong><\/span><\/p>\n<p>Al\u0131nt\u0131 yap\u0131lan ifade t\u0131rnak i\u00e7erisinde yaz\u0131l\u0131r. \u0130lk yazar\u0131n soyad\u0131 yaz\u0131l\u0131r \u201cve di\u011f.\u201d (di\u011fer yazar soyadlar\u0131 yerine) ifadesiyle sayfa numaras\u0131 parantez i\u00e7inde g\u00f6sterilir ve nokta konur.<\/p>\n<p><span style=\"font-size: 14pt;\"><strong>\u00d6rnek:<\/strong><\/span><\/p>\n<p>\u201cal\u0131nt\u0131lanan ifade\u201d (Ko\u00e7 ve di\u011f. 34).<\/p>\n<p><span style=\"font-size: 14pt;\"><strong>Ayn\u0131 soyad\u0131n\u0131 ta\u015f\u0131yan yazarlar\u0131n yay\u0131nlar\u0131ndan al\u0131nt\u0131 yapma<\/strong><\/span><\/p>\n<p>Ayn\u0131 soyadlar\u0131 olan yazarlar\u0131n eserlerinde, iki yazar\u0131n da ad\u0131n\u0131n ilk harfleri al\u0131n\u0131r; di\u011fer kurallar ayn\u0131d\u0131r.<\/p>\n<p><span style=\"font-size: 14pt;\"><strong>\u00d6rnek:<\/strong><\/span><\/p>\n<p>\u201cal\u0131nt\u0131lanan ifade\u201d (A. Y\u0131lmaz, B. Y\u0131lmaz 88).<\/p>\n<p><span style=\"font-size: 14pt;\"><strong>Aktarma yapma<\/strong><\/span><\/p>\n<p>Aktarma: \u00d6zg\u00fcn kaynakta ge\u00e7en metni kendi ifadelerimizle anlatma. Aktarma yap\u0131l\u0131rken t\u0131rnak i\u015fareti kullan\u0131lmaz, sorumlu bildirimi al\u0131nt\u0131 kurallar\u0131yla ayn\u0131d\u0131r.<\/p>\n<p><span style=\"font-size: 14pt;\"><strong>\u00d6rnek:<\/strong><\/span><\/p>\n<p style=\"text-align: left;\">Aktar\u0131lan ifade. (soyad\u0131\/kurum\/komisyon 34).<\/p>\n<p>[\/vc_column_text][\/vc_tta_section][vc_tta_section title=&#8221;3.2 KAYNAK\u00c7A YAZIMI&#8221; tab_id=&#8221;kaynakca_yazimi&#8221;][vc_column_text]<span style=\"font-size: 14pt;\"><strong>Tek Yazarl\u0131 Kitaplar<\/strong><\/span><\/p>\n<p>Gleick, James.\u00a0<em>Chaos: Making a New Science<\/em>. New York: Penguin, 1987.<\/p>\n<p>Henley, Patricia.\u00a0<em>The Hummingbird House<\/em>. Denver: MacMurray, 1999.<\/p>\n<p><span style=\"font-size: 14pt;\"><strong>\u0130ki Yazarl\u0131 Kitaplar<\/strong><\/span><\/p>\n<p>Gillespie, Paula, and Neal Lerner.\u00a0<em>The Allyn and Bacon Guide to Peer Tutoring<\/em>. Boston: Allyn, 2000.<\/p>\n<p><span style=\"font-size: 14pt;\"><strong>\u00dc\u00e7 Yazarl\u0131 Kitaplar<\/strong><\/span><\/p>\n<p>Gillespie, Paula, Neal Lerner ve John Dewey.\u00a0<em>The Allyn and Bacon Guide to Peer Tutoring<\/em>. Boston: Allyn, 2000.<\/p>\n<p><span style=\"font-size: 14pt;\"><strong>\u00dc\u00e7ten Fazla Yazarl\u0131 kitaplar<\/strong><\/span><\/p>\n<p>Wysocki, Anne Frances ve di\u011f.\u00a0<em>Writing New Media: Theory and Applications for Expanding the Teaching of Composition<\/em>. Logan: Utah State UP, 2004.<\/p>\n<p><span style=\"font-size: 14pt;\"><strong>Belli Bir Kuruma Ait Kitaplar<\/strong><\/span><\/p>\n<p>American Allergy Association.\u00a0<em>Allergies in Children<\/em>. New York: Random, 1998.<\/p>\n<p><span style=\"font-size: 14pt;\"><strong>Yazar\u0131 Olmayan Kitaplar <\/strong><\/span><\/p>\n<p><em>Encyclopedia of Indiana<\/em>. New York: Somerset, 1993.<\/p>\n<h4><span style=\"font-size: 14pt;\">\u00c7eviri Kitaplar<\/span><\/h4>\n<p>Foucault, Michel.\u00a0<em>Madness and Civilization: A History of Insanity in the Age of Reason<\/em>. Trans. Richard Howard. New York: Vintage-Random House, 1988.<\/p>\n<p>Crowley, Sharon, and Debra Hawhee.\u00a0<em>Ancient Rhetorics for Contemporary Students<\/em>. 3rd ed. New York: Pearson\/Longman, 2004.<\/p>\n<p><span style=\"font-size: 14pt;\"><strong>Edit\u00f6r\u00fc Olan Kitaplar<\/strong><\/span><\/p>\n<p>Bronte, Charlotte.\u00a0<em>Jane Eyre<\/em>. Ed. Margaret Smith. Oxford: Oxford UP, 1998.<\/p>\n<h4><span style=\"font-size: 14pt;\">Ansiklopediler<\/span><\/h4>\n<p>\u201cIdeology.\u201d\u00a0<em>The American Heritage Dictionary<\/em>. 3rd ed. 1997.<\/p>\n<h4><span style=\"font-size: 14pt;\">Ciltli Kitaplar<\/span><\/h4>\n<p>Quintilian.\u00a0<em>Institutio Oratoria<\/em>. \u00c7ev. H. E. Butler. Cilt 2. Cambridge: Loeb-Harvard UP, 1980.<\/p>\n<p><span style=\"font-size: 14pt;\"><strong>Tezler<\/strong><\/span><\/p>\n<p>Bishop, Karen Lynn.\u00a0<em>Documenting Institutional Identity: Strategic Writing in the IUPUI Comprehensive Campaign<\/em>. Indiana: Purdue University, 2002<\/p>\n<p><span style=\"font-size: 14pt;\"><strong>Dergiler<\/strong><\/span><\/p>\n<p>Krugman, Andrew. \u201c<em>Fear of Eating<\/em>.\u201d\u00a0<em>New York Times<\/em>\u00a021 May 2007<\/p>\n<p><span style=\"font-size: 14pt;\"><strong>Web Sitesi<\/strong><\/span><\/p>\n<p><em>Yazar ad\u0131 \/ Kurum \u201cHow to Make Vegetarian Chili.\u201d<\/em>\u00a0 URL 24.11. 2009 (girilen g\u00fcn\u00fcn tarihi).<\/p>\n<p><span style=\"font-size: 14pt;\"><strong>Tweet<\/strong><\/span><\/p>\n<p>Brokaw, Tom (@tombrokaw). \u201c<em>SC demonstrated why all the debates are the engines of this campaign.<\/em>\u201d 22 Ocak 2012, 3:06 a.m. Tweet.<\/p>\n<p><span style=\"font-size: 14pt;\"><strong>Youtube Video<\/strong><\/span><\/p>\n<p>Shimabukuro, Jake. \u201c<em>Video Ad\u0131<\/em>.\u201d Online video klip. YouTube, 22 Apr. 2006. URL. 9.10.2010.<\/p>\n<p><span style=\"font-size: 14pt;\"><strong>Film<\/strong><\/span><\/p>\n<p>Lucas, George (y\u00f6netmen).\u00a0<em>Star Wars\u00a0 IV: A New Hope<\/em>. Twentieth Century Fox, 1977.<\/p>\n<p><span style=\"font-size: 14pt;\"><strong>Grafikler<\/strong><\/span><\/p>\n<p>Tablo 1 ya da Grafik 1, Grafik 2, Grafik 3 \u015feklinde d\u00fczenli ard\u0131\u015f\u0131k olarak g\u00f6sterilir.<\/p>\n<p><span style=\"font-size: 14pt;\"><strong>\u00d6rnek:<\/strong><\/span><\/p>\n<p><strong>Grafik 1:<\/strong> Cinsiyet ve ya\u015f gruplar\u0131na g\u00f6re 985, 1995, 1997, 1999 d\u00f6nemlerinde huzurevi ikamet oranlar\u0131<\/p>\n<p>Kaynak: ABD Sa\u011fl\u0131k Bakanl\u0131\u011f\u0131, Ya\u015fl\u0131 Amerikal\u0131lar \u0130statistikleri, 15 Mart 2015 URL.<\/p>\n<p><strong>Metinde yukar\u0131daki \u015fekilde g\u00f6sterilir ve kaynak\u00e7a k\u0131sm\u0131nda kurallara uygun olarak belirtilir.<\/strong>[\/vc_column_text][\/vc_tta_section][\/vc_tta_accordion][\/vc_column][\/vc_row][vc_row full_width=&#8221;stretch_row_content_no_spaces&#8221; gap=&#8221;30&#8243; padding_top=&#8221;10px&#8221; padding_bottom=&#8221;40px&#8221; padding_left=&#8221;10px&#8221; padding_right=&#8221;10px&#8221; bg_type=&#8221;bg_color&#8221; bg_color_value=&#8221;rgba(247,247,247,0.8)&#8221;][vc_column padding_right=&#8221;10px&#8221;][vc_column_text]<span style=\"font-size: 14pt;\"><em><strong>Notlar:<\/strong><\/em><\/span><\/p>\n<ul style=\"text-align: justify;\">\n<li>Kaynak\u00e7a say\u0131s\u0131 metin i\u00e7erisinde yararlan\u0131lan bilgi kayna\u011f\u0131 say\u0131s\u0131 kadar olmal\u0131d\u0131r.<\/li>\n<li>Kaynak\u00e7a ilk harfine g\u00f6re alfabetik olmal\u0131d\u0131r.<\/li>\n<li>Ara\u015ft\u0131rma metninin sonunda yer almal\u0131d\u0131r.<\/li>\n<li>Unutmay\u0131n\u0131z ki, ara\u015ft\u0131rman\u0131zda kulland\u0131\u011f\u0131n\u0131z \u201cg\u00fcvenilir bilgi kayna\u011f\u0131\u201d say\u0131s\u0131 ara\u015ft\u0131rman\u0131z\u0131n kalitesiyle do\u011fru orant\u0131l\u0131d\u0131r.<\/li>\n<\/ul>\n<p><span style=\"font-size: 14pt;\"><em><strong>Kaynak\u00e7a:<\/strong><\/em><\/span><\/p>\n<ul>\n<li style=\"text-align: left;\">Online Writing Lab. MLA Formatting and Style Guide. <a href=\"https:\/\/owl.english.purdue.edu\/owl\/resource\/747\/01\">https:\/\/owl.english.purdue.edu\/owl\/resource\/747\/01<\/a><\/li>\n<li style=\"text-align: left;\">Adapazar\u0131 ENKA Okullar\u0131. Kaynak\u00e7a Haz\u0131rlama Rehberi. <a href=\"https:\/\/www.enka.k12.tr\/adapazari\/kutuphane\/kaynakca-hazirlama-rehberi\/\">KAYNAK\u00c7A HAZIRLAMA REHBER\u0130 | ENKA Okullar\u0131 Adapazar\u0131<\/a><\/li>\n<\/ul>\n<p>[\/vc_column_text][\/vc_column][\/vc_row]<\/p>\n<\/div>","protected":false},"excerpt":{"rendered":"<p>[vc_row][vc_column][\/vc_column][\/vc_row][vc_row gap=&#8221;30&#8243; padding_top=&#8221;40px&#8221; padding_bottom=&#8221;0px&#8221; padding_left=&#8221;10px&#8221; padding_right=&#8221;10px&#8221; bg_type=&#8221;bg_color&#8221; bg_color_value=&#8221;rgba(247,247,247,0.8)&#8221;][vc_column][\/vc_column][\/vc_row][vc_row gap=&#8221;30&#8243; padding_top=&#8221;40px&#8221; padding_bottom=&#8221;0px&#8221; padding_left=&#8221;10px&#8221; padding_right=&#8221;10px&#8221; bg_type=&#8221;bg_color&#8221; bg_color_value=&#8221;rgba(247,247,247,0.8)&#8221;][vc_column width=&#8221;2\/3&#8243;][vc_column_text] MLA Referans G\u00f6sterme Rehberi 1\u00a0G\u0130R\u0130\u015e Yaln\u0131zca akademik \u00e7al\u0131\u015fmalarda de\u011fil, bilgi payla\u015f\u0131m\u0131 amac\u0131yla sunulan her t\u00fcrl\u00fc yaz\u0131l\u0131 ve s\u00f6zl\u00fc \u00e7al\u0131\u015fmada yararlan\u0131lan kaynaklar\u0131 eksiksiz olarak belirtmek, hukuki ve ahlaki y\u00fck\u00fcml\u00fcl\u00fckt\u00fcr. Bilginin sa\u011fl\u0131kl\u0131 bir \u015fekilde ortaya \u00e7\u0131kmas\u0131, yay\u0131lmas\u0131, d\u00fczeltilmesi, geli\u015ftirilmesi ve bilgi kirlili\u011finin \u00f6n\u00fcne ge\u00e7ilmesi i\u00e7in \u00e7al\u0131\u015fmalar\u0131n sorumlulu\u011funun bireysel olarak \u00fcstlenilmesi, bunun&#8230;<\/p>\n","protected":false},"author":2,"featured_media":1177,"parent":383,"menu_order":0,"comment_status":"closed","ping_status":"closed","template":"","meta":{"_acf_changed":false,"om_disable_all_campaigns":false,"inline_featured_image":false,"_monsterinsights_skip_tracking":false,"_monsterinsights_sitenote_active":false,"_monsterinsights_sitenote_note":"","_monsterinsights_sitenote_category":0,"footnotes":""},"class_list":["post-388","page","type-page","status-publish","has-post-thumbnail","hentry","custom-post-type-entry"],"aioseo_notices":[],"acf":[],"_links":{"self":[{"href":"https:\/\/www.enka.k12.tr\/adapazari\/wp-json\/wp\/v2\/pages\/388","targetHints":{"allow":["GET"]}}],"collection":[{"href":"https:\/\/www.enka.k12.tr\/adapazari\/wp-json\/wp\/v2\/pages"}],"about":[{"href":"https:\/\/www.enka.k12.tr\/adapazari\/wp-json\/wp\/v2\/types\/page"}],"author":[{"embeddable":true,"href":"https:\/\/www.enka.k12.tr\/adapazari\/wp-json\/wp\/v2\/users\/2"}],"replies":[{"embeddable":true,"href":"https:\/\/www.enka.k12.tr\/adapazari\/wp-json\/wp\/v2\/comments?post=388"}],"version-history":[{"count":0,"href":"https:\/\/www.enka.k12.tr\/adapazari\/wp-json\/wp\/v2\/pages\/388\/revisions"}],"up":[{"embeddable":true,"href":"https:\/\/www.enka.k12.tr\/adapazari\/wp-json\/wp\/v2\/pages\/383"}],"wp:featuredmedia":[{"embeddable":true,"href":"https:\/\/www.enka.k12.tr\/adapazari\/wp-json\/wp\/v2\/media\/1177"}],"wp:attachment":[{"href":"https:\/\/www.enka.k12.tr\/adapazari\/wp-json\/wp\/v2\/media?parent=388"}],"curies":[{"name":"wp","href":"https:\/\/api.w.org\/{rel}","templated":true}]}}