{"id":3125,"date":"2017-02-16T11:17:18","date_gmt":"2017-02-16T11:17:18","guid":{"rendered":"https:\/\/www.enka.com\/foundation\/schools\/istanbul\/?page_id=3125"},"modified":"2021-12-02T17:36:37","modified_gmt":"2021-12-02T14:36:37","slug":"community-engagement","status":"publish","type":"page","link":"https:\/\/www.enka.k12.tr\/istanbul\/community-engagement\/","title":{"rendered":"COMMUNITY ENGAGEMENT"},"content":{"rendered":"<div class=\"wpb-content-wrapper\"><p>[vc_row padding_left=&#8221;20px&#8221; padding_right=&#8221;20px&#8221; bg_type=&#8221;bg_color&#8221; enable_overlay=&#8221;off&#8221; bg_color_value=&#8221;rgba(247,247,247,0.8)&#8221;][vc_column]<div class=\"ult-spacer spacer-69ff2332a1bd2\" data-id=\"69ff2332a1bd2\" data-height=\"30\" data-height-mobile=\"10\" data-height-tab=\"20\" data-height-tab-portrait=\"\" data-height-mobile-landscape=\"\" style=\"clear:both;display:block;\"><\/div>[vc_row_inner][vc_column_inner width=&#8221;1\/6&#8243;][\/vc_column_inner][vc_column_inner width=&#8221;2\/3&#8243;]<div id=\"ultimate-heading-246269ff2332a1e1d\" class=\"uvc-heading ult-adjust-bottom-margin ultimate-heading-246269ff2332a1e1d uvc-8695 \" data-hspacer=\"line_with_icon\" data-hline_width=\"auto\" data-hicon_type=\"custom\" data-hborder_style=\"solid\" data-hborder_height=\"3\" data-hborder_color=\"#69b3e7\" data-icon_width=\"200\" data-hfixer=\"30\"  data-halign=\"center\" style=\"text-align:center\"><div class=\"uvc-heading-spacer line_with_icon\" style=\"top\"><div class=\"ult-just-icon-wrapper  \"><div class=\"align-icon\" style=\"text-align:center;\">\n<div class=\"aio-icon-img \" style=\"font-size:200px;display:inline-block;\" >\n\t<img decoding=\"async\" class=\"img-icon\" alt=\"null\" src=\"https:\/\/www.enka.k12.tr\/istanbul\/wp-content\/uploads\/2021\/01\/enka_schools_log_new.jpg\"\/>\n<\/div><\/div><\/div><\/div><div class=\"uvc-sub-heading ult-responsive\"  data-ultimate-target='.uvc-heading.ultimate-heading-246269ff2332a1e1d .uvc-sub-heading '  data-responsive-json-new='{\"font-size\":\"\",\"line-height\":\"\"}'  style=\"font-weight:normal;\"><br \/>\n<\/div><\/div>[\/vc_column_inner][vc_column_inner width=&#8221;1\/6&#8243;][\/vc_column_inner][\/vc_row_inner][\/vc_column][\/vc_row][vc_row full_width=&#8221;stretch_row_content_no_spaces&#8221; gap=&#8221;30&#8243; padding_top=&#8221;40px&#8221; padding_bottom=&#8221;40px&#8221; padding_left=&#8221;10px&#8221; padding_right=&#8221;10px&#8221; bg_type=&#8221;bg_color&#8221; bg_color_value=&#8221;rgba(247,247,247,0.8)&#8221;][vc_column]<div class=\"ult-spacer spacer-69ff2332a1e75\" data-id=\"69ff2332a1e75\" data-height=\"30\" data-height-mobile=\"10\" data-height-tab=\"20\" data-height-tab-portrait=\"\" data-height-mobile-landscape=\"\" style=\"clear:both;display:block;\"><\/div>[vc_column_text]ENKA strives to be a caring community with a global perspective. It is it important for children to develop a sense of global citizenry and for each individual to take responsibility to create positive change in the world&#8211; whether it be in one&#8217;s self, home, city, or other countries. Through taking part in various school initiatives and also through visiting inspirational speakers, ENKA students learn how small steps add up to world changes.[\/vc_column_text][\/vc_column][\/vc_row][vc_row full_width=&#8221;stretch_row_content_no_spaces&#8221; gap=&#8221;30&#8243; padding_bottom=&#8221;40px&#8221; padding_left=&#8221;10px&#8221; padding_right=&#8221;10px&#8221; bg_type=&#8221;bg_color&#8221; bg_color_value=&#8221;rgba(247,247,247,0.8)&#8221;][vc_column width=&#8221;1\/2&#8243; padding_right=&#8221;10px&#8221;][vc_column_text]Community service is something in which our students participate throughout their years here, with the opportunity to get involved in numerous social outreach projects locally and internationally from even the earliest years.<\/p>\n<p>In grades 10, 11, and 12, the level of expected participation in social outreach and creativity, activity, and service (CAS) increases considerably because students are learning to take responsibility for their own development. Once they are adults, they will have to rely on their own passion to improve themselves and improve the world, so having it become an important part of their life as a student sets a strong foundation.<\/p>\n<p>This is not just a part of our school\u2019s ethos, it is a cornerstone of the International Baccalaureate curriculum that we implement.[\/vc_column_text]<div class=\"ult-spacer spacer-69ff2332a1ea8\" data-id=\"69ff2332a1ea8\" data-height=\"30\" data-height-mobile=\"10\" data-height-tab=\"20\" data-height-tab-portrait=\"\" data-height-mobile-landscape=\"\" style=\"clear:both;display:block;\"><\/div>[\/vc_column][vc_column width=&#8221;1\/2&#8243;]<div class=\"ult-spacer spacer-69ff2332a1ed5\" data-id=\"69ff2332a1ed5\" data-height=\"30\" data-height-mobile=\"10\" data-height-tab=\"20\" data-height-tab-portrait=\"\" data-height-mobile-landscape=\"\" style=\"clear:both;display:block;\"><\/div>[vc_single_image image=&#8221;33997&#8243; img_size=&#8221;full&#8221; alignment=&#8221;center&#8221;][\/vc_column][\/vc_row][vc_row full_width=&#8221;stretch_row_content_no_spaces&#8221; gap=&#8221;30&#8243; padding_bottom=&#8221;40px&#8221; padding_left=&#8221;10px&#8221; padding_right=&#8221;10px&#8221; bg_type=&#8221;bg_color&#8221; bg_color_value=&#8221;rgba(247,247,247,0.8)&#8221;][vc_column width=&#8221;1\/2&#8243; padding_right=&#8221;10px&#8221;]<div class=\"ult-spacer spacer-69ff2332a1eff\" data-id=\"69ff2332a1eff\" data-height=\"30\" data-height-mobile=\"10\" data-height-tab=\"20\" data-height-tab-portrait=\"\" data-height-mobile-landscape=\"\" style=\"clear:both;display:block;\"><\/div>[vc_single_image image=&#8221;33995&#8243; img_size=&#8221;medium&#8221; alignment=&#8221;center&#8221;]<div class=\"ult-spacer spacer-69ff2332a1f29\" data-id=\"69ff2332a1f29\" data-height=\"30\" data-height-mobile=\"10\" data-height-tab=\"20\" data-height-tab-portrait=\"\" data-height-mobile-landscape=\"\" style=\"clear:both;display:block;\"><\/div>[\/vc_column][vc_column width=&#8221;1\/2&#8243;][vc_column_text]In order to satisfy graduation requirements, students must engage in significant creativity, activity, and service projects that are guided by their faculty advisors. However, the projects are chosen and executed by the students themselves; their emotional investment in their CAS projects is the key to authentic, meaningful personal growth that helps set good habits for adulthood.<\/p>\n<p>The projects students engage in, whether individually or in clubs, range widely from supporting rural Turkish schools through stocking their libraries with books, to students pushing their personal limits while pursuing the Duke of Edinburgh International Award , to students joining the annual outreach trip to Nepal where they teach English, art, and other subjects to Primary School students in rural Bandipur and Nargakot.[\/vc_column_text][\/vc_column][\/vc_row][vc_row full_width=&#8221;stretch_row_content_no_spaces&#8221; gap=&#8221;30&#8243; padding_bottom=&#8221;40px&#8221; padding_left=&#8221;10px&#8221; padding_right=&#8221;10px&#8221; bg_type=&#8221;bg_color&#8221; bg_color_value=&#8221;rgba(247,247,247,0.8)&#8221;][vc_column width=&#8221;1\/2&#8243; padding_right=&#8221;10px&#8221;][vc_column_text]In the past few years our school has taken more serious steps to coordinate, track, and increase all the sustainability efforts we engage in schoolwide. In 2018 we were honored with the Sustainable Development Goal Award by the Turkish Corporate Social Responsibility Association due to our Sustainable Campus Program. Here is a partial list of the programs that we run at our school or in coordination with our two sister schools:<\/p>\n<p><strong>GOAL 3: Good Health and Well-being<\/strong><br \/>\n-Medicine Collection Campaign<br \/>\n-\u201diy\u0130L\u0130K\u201d Bone Marrow Center Project<br \/>\n-Psychology Conference<br \/>\n-Values Education<\/p>\n<p><strong>GOAL 4: Quality Education<\/strong><br \/>\n-Social Me Academy Club\u2019s \u00d6zel Sevgi<br \/>\n\u00c7i\u00e7e\u011fi Rehabilitation Center Project<br \/>\n-Entrepreneur Summit, My Spaceship Activity<br \/>\n-\u201dOnce Upon a Time\u201d Societal Gender Workshop<br \/>\n-\u00c7O\u00c7A Peer Bullying<br \/>\n-Environment Day<br \/>\n-Audio Library Project<br \/>\n-Global Goals Training<br \/>\n-Global Goals-Focused \u201cMeet My World\u201d Project<br \/>\n-Child Protection Training\u00a0 (all staff)<br \/>\n-Spring Teachers\u2019 Conference (free for public school teachers)<br \/>\n-Foreign Language Project (with sister school)<br \/>\n-Model United Nations\u00a0 (free for public school students)<\/p>\n<p><strong>GOAL 5: Gender Equality<\/strong><br \/>\n-Syrian Refugee Children Project<br \/>\n-Corridor Library Project<br \/>\n-Silent Reading Activities<br \/>\n-\u00c7EK\u00dcL Sustainability Training<\/p>\n<p><strong>GOAL 7: Affordable and Clean Energy<\/strong><br \/>\n-Organ &amp; Tissue Donation Week<br \/>\n-Solar Energy Erasmus Project<\/p>\n<p><strong>GOAL 8: Decent Work &amp; Economic Growth<\/strong><br \/>\n-High School Biotechnology Club<br \/>\n-Sourcing support staff locally<\/p>\n<p><strong>GOAL 9: Industry, Innovation &amp; Infrastructure<\/strong><br \/>\n-T\u00dcB\u0130TAK Water Filter Projects<\/p>\n<p><strong>GOAL 10: Reduced Inequality<\/strong><br \/>\n-Audio Library Project<br \/>\n-Nepal Project (visiting, volunteering and physical improvement project)<br \/>\n-Social Me Academy Club \u00d6zel Sevgi \u00c7i\u00e7e\u011fi Rehabilitation Center Project<br \/>\n-Gaziantep Summer School<br \/>\n-Aziz Nesin Foundation April 23rd Celebrations<br \/>\n-Syrian Refugee Children Project<br \/>\n-Corridor Library Project<br \/>\n-Silent Reading Activities<br \/>\n-Blue Plastic Cap Campaign<br \/>\n-Shoe Drive<br \/>\n-ENKA RUN Project<br \/>\n-Football Game by Visually Impaired Team<br \/>\n-Spring Teachers\u2019 Conference\u00a0 (free for public school teachers )<br \/>\n-Foreign Language Project\u00a0 (with sister school)<br \/>\n-Model United Nations (free for public school students)<\/p>\n<p><strong>GOAL 11: Sustainable Cities &amp; Communities<\/strong><br \/>\n-Permaculture Club &amp; Garden<br \/>\n-Movie Club Street Animals Project<br \/>\n-Joint Project with Hasan K\u0131z\u0131l, Repairman of Lives<\/p>\n<p><strong>GOAL 12: Responsible Consumption &amp; Production<\/strong><br \/>\n-Environment Day<br \/>\n-Environmentally Friendly Water Bottles<br \/>\n-Environmentally Friendly Stationery<\/p>\n<p><strong>GOAL 13: Climate Action<\/strong><br \/>\n-TEGV Project\u00a0 \u201cDonate, Don\u2019t Throw Out\u201d<br \/>\n-Waste Paper Collection Campaign<br \/>\n-Waste Management<br \/>\n-Paper Consumption Reduction via\u00a0 Google Classroom &amp; iTunes University use<br \/>\n-Measuring Our Carbon Footprint<\/p>\n<p><strong>GOAL 14: Life Below Water<\/strong><br \/>\n-Responsible Consumption &amp; Production Project<\/p>\n<p><strong>GOAL 15: Life on Land<\/strong><br \/>\n-WWF Animal Adoption Project<br \/>\n-Food Campaign for Street Animals<\/p>\n<p><strong>GOAL 16: Peace and Justice<\/strong><br \/>\n-Democracy &amp; Human Rights Workshops<\/p>\n<p><strong>GOAL 17: Partnerships to achieve the Goal<\/strong><br \/>\n-ENKA School Sustainability Summit<br \/>\n-Model United Nations<br \/>\n-European Youth Parliament<br \/>\n-Joint Projects with NGOs[\/vc_column_text]<div class=\"ult-spacer spacer-69ff2332a1f4f\" data-id=\"69ff2332a1f4f\" data-height=\"15\" data-height-mobile=\"5\" data-height-tab=\"10\" data-height-tab-portrait=\"\" data-height-mobile-landscape=\"\" style=\"clear:both;display:block;\"><\/div>[vc_column_text]<\/p>\n<ul style=\"list-style-type: square;\">\n<li><span class=\"mpc-list__title\">The Urfa Project<\/span><\/li>\n<li><span class=\"mpc-list__title\">The Bayburt Baks\u0131 Project<\/span><\/li>\n<li>The Nepal Project<\/li>\n<li>The Alp \u015een \u0130yilik Project<\/li>\n<li><span class=\"mpc-list__title\">The Antalya Fenike Project<\/span><\/li>\n<li><span class=\"mpc-list__title\">The Beyo\u011flu Anatolia Culture Foundation Project<\/span><\/li>\n<li>The \u015eehit \u00dcste\u011fmen Ali B\u00fcy\u00fckdicle Special Education School Project<\/li>\n<li><span class=\"mpc-list__title\">The Sar\u0131yer Municipality Youth Center Project<\/span><\/li>\n<li><span class=\"mpc-list__title\">The Girls on the Field Project<\/span><\/li>\n<li>The Support for the Visually Handicapped School Project<\/li>\n<li>No handicaps Tennis<\/li>\n<li><span class=\"mpc-list__title\">The Dreamcatcher Club<\/span><\/li>\n<li><span class=\"mpc-list__title\">Community Volunteers Club &#8211;\u00a0Support Project for Aziz Nesin Foundation.<\/span><\/li>\n<\/ul>\n<p>[\/vc_column_text][\/vc_column][vc_column width=&#8221;1\/2&#8243;][vc_single_image image=&#8221;34005&#8243; img_size=&#8221;full&#8221; alignment=&#8221;center&#8221;]<div class=\"ult-spacer spacer-69ff2332a1f76\" data-id=\"69ff2332a1f76\" data-height=\"30\" data-height-mobile=\"10\" data-height-tab=\"20\" data-height-tab-portrait=\"\" data-height-mobile-landscape=\"\" style=\"clear:both;display:block;\"><\/div>[vc_single_image image=&#8221;33999&#8243; img_size=&#8221;full&#8221; alignment=&#8221;center&#8221;]<div class=\"ult-spacer spacer-69ff2332a1f9b\" data-id=\"69ff2332a1f9b\" data-height=\"30\" data-height-mobile=\"10\" data-height-tab=\"20\" data-height-tab-portrait=\"\" data-height-mobile-landscape=\"\" style=\"clear:both;display:block;\"><\/div>[vc_single_image image=&#8221;33993&#8243; img_size=&#8221;full&#8221; alignment=&#8221;center&#8221;]<div class=\"ult-spacer spacer-69ff2332a1fc0\" data-id=\"69ff2332a1fc0\" data-height=\"30\" data-height-mobile=\"10\" data-height-tab=\"20\" data-height-tab-portrait=\"\" data-height-mobile-landscape=\"\" style=\"clear:both;display:block;\"><\/div>[\/vc_column][\/vc_row]<\/p>\n<\/div>","protected":false},"excerpt":{"rendered":"<p>[vc_row padding_left=&#8221;20px&#8221; padding_right=&#8221;20px&#8221; bg_type=&#8221;bg_color&#8221; enable_overlay=&#8221;off&#8221; bg_color_value=&#8221;rgba(247,247,247,0.8)&#8221;][vc_column][vc_row_inner][vc_column_inner width=&#8221;1\/6&#8243;][\/vc_column_inner][vc_column_inner width=&#8221;2\/3&#8243;][\/vc_column_inner][vc_column_inner width=&#8221;1\/6&#8243;][\/vc_column_inner][\/vc_row_inner][\/vc_column][\/vc_row][vc_row full_width=&#8221;stretch_row_content_no_spaces&#8221; gap=&#8221;30&#8243; padding_top=&#8221;40px&#8221; padding_bottom=&#8221;40px&#8221; padding_left=&#8221;10px&#8221; padding_right=&#8221;10px&#8221; bg_type=&#8221;bg_color&#8221; bg_color_value=&#8221;rgba(247,247,247,0.8)&#8221;][vc_column][vc_column_text]ENKA strives to be a caring community with a global perspective. It is it important for children to develop a sense of global citizenry and for each individual to take responsibility to create positive change in the world&#8211; whether it be in one&#8217;s self, home, city, or other countries&#8230;.<\/p>\n","protected":false},"author":1,"featured_media":3501,"parent":0,"menu_order":0,"comment_status":"closed","ping_status":"closed","template":"","meta":{"_acf_changed":false,"inline_featured_image":false,"footnotes":""},"class_list":["post-3125","page","type-page","status-publish","has-post-thumbnail","hentry","custom-post-type-entry"],"aioseo_notices":[],"acf":[],"_links":{"self":[{"href":"https:\/\/www.enka.k12.tr\/istanbul\/wp-json\/wp\/v2\/pages\/3125","targetHints":{"allow":["GET"]}}],"collection":[{"href":"https:\/\/www.enka.k12.tr\/istanbul\/wp-json\/wp\/v2\/pages"}],"about":[{"href":"https:\/\/www.enka.k12.tr\/istanbul\/wp-json\/wp\/v2\/types\/page"}],"author":[{"embeddable":true,"href":"https:\/\/www.enka.k12.tr\/istanbul\/wp-json\/wp\/v2\/users\/1"}],"replies":[{"embeddable":true,"href":"https:\/\/www.enka.k12.tr\/istanbul\/wp-json\/wp\/v2\/comments?post=3125"}],"version-history":[{"count":0,"href":"https:\/\/www.enka.k12.tr\/istanbul\/wp-json\/wp\/v2\/pages\/3125\/revisions"}],"wp:featuredmedia":[{"embeddable":true,"href":"https:\/\/www.enka.k12.tr\/istanbul\/wp-json\/wp\/v2\/media\/3501"}],"wp:attachment":[{"href":"https:\/\/www.enka.k12.tr\/istanbul\/wp-json\/wp\/v2\/media?parent=3125"}],"curies":[{"name":"wp","href":"https:\/\/api.w.org\/{rel}","templated":true}]}}