{"id":14621,"date":"2019-06-11T09:51:19","date_gmt":"2019-06-11T06:51:19","guid":{"rendered":"https:\/\/www.enka.k12.tr\/kocaeli\/?page_id=14621"},"modified":"2026-03-01T16:22:39","modified_gmt":"2026-03-01T13:22:39","slug":"enka-giris-sinavi","status":"publish","type":"page","link":"https:\/\/www.enka.k12.tr\/kocaeli\/enka-giris-sinavi\/","title":{"rendered":"\u00d6N KAYIT"},"content":{"rendered":"<div class=\"wpb-content-wrapper\"><p>[vc_row][vc_column]<div id=\"ultimate-heading-615069fa1dc8c749f\" class=\"uvc-heading ult-adjust-bottom-margin ultimate-heading-615069fa1dc8c749f uvc-3984 \" data-hspacer=\"line_with_icon\" data-hline_width=\"auto\" data-hicon_type=\"custom\" data-hborder_style=\"solid\" data-hborder_height=\"3\" data-hborder_color=\"#fe5252\" data-icon_width=\"200\" data-hfixer=\"30\"  data-halign=\"center\" style=\"text-align:center\"><div class=\"uvc-heading-spacer line_with_icon\" style=\"top\"><div class=\"ult-just-icon-wrapper  \"><div class=\"align-icon\" style=\"text-align:center;\">\n<div class=\"aio-icon-img \" style=\"font-size:200px;display:inline-block;\" >\n\t<img decoding=\"async\" class=\"img-icon\" alt=\"null\" src=\"https:\/\/www.enka.k12.tr\/kocaeli\/wp-content\/uploads\/2021\/12\/cropped-sitebaslik.png\"\/>\n<\/div><\/div><\/div><\/div><\/div><div class=\"ult-spacer spacer-69fa1dc8c74fa\" data-id=\"69fa1dc8c74fa\" data-height=\"30\" data-height-mobile=\"10\" data-height-tab=\"20\" data-height-tab-portrait=\"\" data-height-mobile-landscape=\"\" style=\"clear:both;display:block;\"><\/div>[\/vc_column][\/vc_row][vc_row gap=&#8221;30&#8243; padding_top=&#8221;40px&#8221; padding_bottom=&#8221;0px&#8221; padding_left=&#8221;10px&#8221; padding_right=&#8221;10px&#8221; bg_type=&#8221;bg_color&#8221; bg_color_value=&#8221;rgba(247,247,247,0.8)&#8221;][vc_column padding_right=&#8221;10px&#8221;]<div id=\"ultimate-heading-427769fa1dc8c7566\" class=\"uvc-heading ult-adjust-bottom-margin ultimate-heading-427769fa1dc8c7566 uvc-2260 \" data-hspacer=\"line_only\"  data-halign=\"center\" style=\"text-align:center\"><div class=\"uvc-main-heading ult-responsive\"  data-ultimate-target='.uvc-heading.ultimate-heading-427769fa1dc8c7566 h2'  data-responsive-json-new='{\"font-size\":\"desktop:20px;\",\"line-height\":\"desktop:40px;\"}' ><h2 style=\"font-weight:normal;color:#000000;\">ENKA OKULLARI KOCAELI<\/h2><\/div><div class=\"uvc-sub-heading ult-responsive\"  data-ultimate-target='.uvc-heading.ultimate-heading-427769fa1dc8c7566 .uvc-sub-heading '  data-responsive-json-new='{\"font-size\":\"desktop:40px;tablet:38px;tablet_portrait:36px;mobile_landscape:34px;mobile:32px;\",\"line-height\":\"desktop:40px;tablet:38px;tablet_portrait:36px;mobile_landscape:34px;mobile:32px;\"}'  style=\"font-weight:bold;color:#000000;\">KAYIT B\u0130LG\u0130LEND\u0130R\u0130LMES\u0130<\/div><div class=\"uvc-heading-spacer line_only\" style=\"margin-top:10px;height:3px;\"><span class=\"uvc-headings-line\" style=\"border-style:solid;border-bottom-width:3px;border-color:#fe5252;width:100px;\"><\/span><\/div><\/div><div class=\"ult-spacer spacer-69fa1dc8c75d3\" data-id=\"69fa1dc8c75d3\" data-height=\"30\" data-height-mobile=\"10\" data-height-tab=\"20\" data-height-tab-portrait=\"\" data-height-mobile-landscape=\"\" style=\"clear:both;display:block;\"><\/div>[vc_row_inner][vc_column_inner][vc_column_text]<\/p>\n<p class=\"xmsonormal\"><span style=\"font-size: 14pt;\"><strong>8. SINIFA GE\u00c7ENLER \u0130\u00c7\u0130N KAYIT B\u0130LG\u0130LEND\u0130RMES\u0130<\/strong><\/span><\/p>\n<p><span style=\"font-size: 11.0pt; font-family: 'Calibri',sans-serif;\">Okul b\u00fcnyemizde iki ayr\u0131 okul t\u00fcr\u00fc bulunmaktad\u0131r: Fen ve Teknoloji Lisesi; Anadolu Teknik Lisesi. Her iki okul t\u00fcr\u00fcm\u00fcze kay\u0131t olan t\u00fcm \u00f6\u011frenciler %100 tam e\u011fitim bursu ile kay\u0131t edilmektedir. Hi\u00e7bir \u00f6\u011frenciden e\u011fitim \u00f6\u011fretim \u00fccreti al\u0131nmamaktad\u0131r. Her iki okulumuza \u00f6\u011frenci kabul\u00fc; LGS sonu\u00e7lar\u0131 ile okulumuzca ger\u00e7ekle\u015ftirilecek de\u011ferlendirme s\u0131nav\u0131 sonu\u00e7lar\u0131 esas al\u0131narak yap\u0131lmaktad\u0131r.<\/span><\/p>\n<p><span style=\"font-size: 11.0pt; font-family: 'Calibri',sans-serif;\">Kocaeli \u00d6zel ENKA Teknik Okullar\u0131m\u0131za \u00f6\u011frenci kay\u0131tlar\u0131nda M.E.B. taraf\u0131ndan yap\u0131lan LGS s\u0131nav puanlar\u0131 esas al\u0131nmaktad\u0131r. \u00d6\u011frencilerin LGS puanlar\u0131 ve y\u00fczdelik dilimleri a\u00e7\u0131kland\u0131ktan sonra, okulumuzun internet sitesinde \u201c\u00d6N KAYIT BA\u015eVURU\u201d formu a\u00e7\u0131lacakt\u0131r. Aday \u00f6\u011frencilerimiz, a\u00e7\u0131lan bu forma s\u0131navda elde ettikleri puan ve T\u00fcrkiye geneli girdikleri y\u00fczdelik dilim bilgileri ile \u00f6n kay\u0131tlar\u0131n\u0131 internet sitemiz \u00fczerinden yapacaklard\u0131r. \u00d6n kay\u0131t ba\u015fvuru y\u00fczdelik dilim s\u0131n\u0131r\u0131, form a\u00e7\u0131ld\u0131\u011f\u0131nda ilan edilecektir.<\/span><\/p>\n<p><span style=\"font-size: 11.0pt; font-family: 'Calibri',sans-serif;\">\u00d6n kay\u0131tlarda, aday \u00f6\u011frencilerimiz isterlerse her iki okul t\u00fcr\u00fcm\u00fcz i\u00e7in, isterlerse sadece Fen ve Teknoloji Lisemiz ya da sadece Anadolu Teknik Lisemiz i\u00e7in \u00f6n kay\u0131t m\u00fcracaat\u0131nda bulunabilirler.<\/span><\/p>\n<p><span style=\"font-size: 11.0pt; font-family: 'Calibri',sans-serif;\">Okulumuzun internet sitesi d\u0131\u015f\u0131nda, hi\u00e7bir kurum veya adreste \u00f6n kay\u0131t al\u0131nmamaktad\u0131r.<\/span><\/p>\n<p><span style=\"font-size: 11.0pt; font-family: 'Calibri',sans-serif;\">\u00d6n kay\u0131tlar\u0131m\u0131z\u0131n, okul internet sitemizden al\u0131m\u0131n\u0131n tamamlanmas\u0131n\u0131n ard\u0131ndan her iki okulumuza da m\u00fcracaatta bulunan \u00f6\u011frenciler, y\u00fczdelik dilim ve puan \u00fcst\u00fcnl\u00fc\u011f\u00fcne g\u00f6re s\u0131ralanacakt\u0131r. S\u0131ralama sonucunda, s\u0131ralamaya giren \u00f6\u011frenciler okulumuzun kendi yapaca\u011f\u0131 DE\u011eERLEND\u0130RME SINAVINA al\u0131nacakt\u0131r.<\/span><\/p>\n<p><span style=\"font-size: 11.0pt; font-family: 'Calibri',sans-serif;\">De\u011ferlendirme s\u0131nav\u0131nda sorulardan baz\u0131lar\u0131, \u00f6\u011frencilerin analitik d\u00fc\u015f\u00fcnme g\u00fcc\u00fcn\u00fc \u00f6l\u00e7mek i\u00e7in bilim olimpiyatlar\u0131 soru tarz\u0131nda olacakt\u0131r. De\u011ferlendirme s\u0131nav\u0131n\u0131n sonucunda, \u00f6\u011frencilerin LGS s\u0131nav\u0131ndan ald\u0131\u011f\u0131 puan ile de\u011ferlendirme s\u0131nav\u0131m\u0131zdan ald\u0131\u011f\u0131 puan birle\u015ftirilerek olu\u015fan toplam yerle\u015fme puan \u00fcst\u00fcnl\u00fc\u011f\u00fcne g\u00f6re kay\u0131t listeleri olu\u015fturulacakt\u0131r.<\/span><\/p>\n<p><span style=\"font-size: 11.0pt; font-family: 'Calibri',sans-serif;\">Her iki okul t\u00fcr\u00fcm\u00fcz i\u00e7in, kay\u0131t listeleri olu\u015fturuldu\u011funda listeler okulumuzun internet sitesinden ilan edilerek belirlenen tarih aral\u0131\u011f\u0131nda, \u00f6nce as\u0131l listede yer alan \u00f6\u011frencilerin kay\u0131tlar\u0131 ard\u0131ndan bo\u015f kalan kontenjan olursa yedek liste kay\u0131tlar\u0131 yap\u0131lacakt\u0131r.<\/span><\/p>\n<p><span style=\"font-size: 11.0pt; font-family: 'Calibri',sans-serif;\">Okulumuza al\u0131nacak \u00f6\u011frenci say\u0131s\u0131 kay\u0131t listeleri ile beraber ilan edilecektir.<\/span>[\/vc_column_text][\/vc_column_inner][\/vc_row_inner][\/vc_column][\/vc_row][vc_row][vc_column]<div class=\"ult-spacer spacer-69fa1dc8c75fe\" data-id=\"69fa1dc8c75fe\" data-height=\"30\" data-height-mobile=\"10\" data-height-tab=\"20\" data-height-tab-portrait=\"\" data-height-mobile-landscape=\"\" style=\"clear:both;display:block;\"><\/div>[\/vc_column][\/vc_row]<\/p>\n<\/div>","protected":false},"excerpt":{"rendered":"<p>[vc_row][vc_column][\/vc_column][\/vc_row][vc_row gap=&#8221;30&#8243; padding_top=&#8221;40px&#8221; padding_bottom=&#8221;0px&#8221; padding_left=&#8221;10px&#8221; padding_right=&#8221;10px&#8221; bg_type=&#8221;bg_color&#8221; bg_color_value=&#8221;rgba(247,247,247,0.8)&#8221;][vc_column padding_right=&#8221;10px&#8221;][vc_row_inner][vc_column_inner][vc_column_text] 8. SINIFA GE\u00c7ENLER \u0130\u00c7\u0130N KAYIT B\u0130LG\u0130LEND\u0130RMES\u0130 Okul b\u00fcnyemizde iki ayr\u0131 okul t\u00fcr\u00fc bulunmaktad\u0131r: Fen ve Teknoloji Lisesi; Anadolu Teknik Lisesi. Her iki okul t\u00fcr\u00fcm\u00fcze kay\u0131t olan t\u00fcm \u00f6\u011frenciler %100 tam e\u011fitim bursu ile kay\u0131t edilmektedir. Hi\u00e7bir \u00f6\u011frenciden e\u011fitim \u00f6\u011fretim \u00fccreti al\u0131nmamaktad\u0131r. Her iki okulumuza \u00f6\u011frenci kabul\u00fc; LGS sonu\u00e7lar\u0131 ile okulumuzca ger\u00e7ekle\u015ftirilecek de\u011ferlendirme s\u0131nav\u0131 sonu\u00e7lar\u0131 esas al\u0131narak&#8230;<\/p>\n","protected":false},"author":1,"featured_media":0,"parent":0,"menu_order":0,"comment_status":"closed","ping_status":"closed","template":"","meta":{"_acf_changed":false,"inline_featured_image":false,"footnotes":""},"class_list":["post-14621","page","type-page","status-publish","hentry","custom-post-type-entry"],"aioseo_notices":[],"acf":[],"_links":{"self":[{"href":"https:\/\/www.enka.k12.tr\/kocaeli\/wp-json\/wp\/v2\/pages\/14621","targetHints":{"allow":["GET"]}}],"collection":[{"href":"https:\/\/www.enka.k12.tr\/kocaeli\/wp-json\/wp\/v2\/pages"}],"about":[{"href":"https:\/\/www.enka.k12.tr\/kocaeli\/wp-json\/wp\/v2\/types\/page"}],"author":[{"embeddable":true,"href":"https:\/\/www.enka.k12.tr\/kocaeli\/wp-json\/wp\/v2\/users\/1"}],"replies":[{"embeddable":true,"href":"https:\/\/www.enka.k12.tr\/kocaeli\/wp-json\/wp\/v2\/comments?post=14621"}],"version-history":[{"count":36,"href":"https:\/\/www.enka.k12.tr\/kocaeli\/wp-json\/wp\/v2\/pages\/14621\/revisions"}],"predecessor-version":[{"id":26732,"href":"https:\/\/www.enka.k12.tr\/kocaeli\/wp-json\/wp\/v2\/pages\/14621\/revisions\/26732"}],"wp:attachment":[{"href":"https:\/\/www.enka.k12.tr\/kocaeli\/wp-json\/wp\/v2\/media?parent=14621"}],"curies":[{"name":"wp","href":"https:\/\/api.w.org\/{rel}","templated":true}]}}