{"id":527,"date":"2017-07-26T07:51:08","date_gmt":"2017-07-26T07:51:08","guid":{"rendered":"http:\/\/www.enka.com\/foundation\/schools\/gebze\/university-scholarship-requirements\/"},"modified":"2025-09-11T15:41:31","modified_gmt":"2025-09-11T12:41:31","slug":"universite-burs-sartlari","status":"publish","type":"page","link":"https:\/\/www.enka.k12.tr\/kocaeli\/mezunlar\/universite-burs-sartlari\/","title":{"rendered":"\u00dcN\u0130VERS\u0130TE BURS \u015eARTLARI"},"content":{"rendered":"<div class=\"wpb-content-wrapper\"><p>[vc_row][vc_column]<div id=\"ultimate-heading-382769fa1dc90ec77\" class=\"uvc-heading ult-adjust-bottom-margin ultimate-heading-382769fa1dc90ec77 uvc-8778 \" data-hspacer=\"line_with_icon\" data-hline_width=\"auto\" data-hicon_type=\"custom\" data-hborder_style=\"solid\" data-hborder_height=\"3\" data-hborder_color=\"#69b3e7\" data-icon_width=\"200\" data-hfixer=\"30\"  data-halign=\"center\" style=\"text-align:center\"><div class=\"uvc-heading-spacer line_with_icon\" style=\"top\"><div class=\"ult-just-icon-wrapper  \"><div class=\"align-icon\" style=\"text-align:center;\">\n<div class=\"aio-icon-img \" style=\"font-size:200px;display:inline-block;\" >\n\t<img decoding=\"async\" class=\"img-icon\" alt=\"null\" src=\"https:\/\/www.enka.k12.tr\/kocaeli\/wp-content\/uploads\/2023\/12\/enka_schools_log_new.jpg\"\/>\n<\/div><\/div><\/div><\/div><\/div><div class=\"ult-spacer spacer-69fa1dc90ecd7\" data-id=\"69fa1dc90ecd7\" data-height=\"30\" data-height-mobile=\"10\" data-height-tab=\"20\" data-height-tab-portrait=\"\" data-height-mobile-landscape=\"\" style=\"clear:both;display:block;\"><\/div>[\/vc_column][\/vc_row][vc_row padding_top=&#8221;30px&#8221; bg_type=&#8221;bg_color&#8221; bg_color_value=&#8221;#f5f5f5&#8243;][vc_column]<div id=\"ultimate-heading-179469fa1dc90ed2c\" class=\"uvc-heading ult-adjust-bottom-margin ultimate-heading-179469fa1dc90ed2c uvc-4544 \" data-hspacer=\"line_only\"  data-halign=\"left\" style=\"text-align:left\"><div class=\"uvc-main-heading ult-responsive\"  data-ultimate-target='.uvc-heading.ultimate-heading-179469fa1dc90ed2c h2'  data-responsive-json-new='{\"font-size\":\"desktop:20px;\",\"line-height\":\"desktop:50px;\"}' ><h2 style=\"font-weight:normal;color:#000000;\">\u00dcN\u0130VERS\u0130TE BURS<\/h2><\/div><div class=\"uvc-sub-heading ult-responsive\"  data-ultimate-target='.uvc-heading.ultimate-heading-179469fa1dc90ed2c .uvc-sub-heading '  data-responsive-json-new='{\"font-size\":\"desktop:50px;tablet:48px;tablet_portrait:46px;mobile_landscape:44px;mobile:42px;\",\"line-height\":\"desktop:50px;tablet:48px;tablet_portrait:46px;mobile_landscape:44px;mobile:42px;\"}'  style=\"font-weight:bold;color:#000000;\"><span style=\"color: #69b3e7;\">\u015eARTLARI<\/span><\/div><div class=\"uvc-heading-spacer line_only\" style=\"margin-top:10px;height:3px;\"><span class=\"uvc-headings-line\" style=\"border-style:solid;border-bottom-width:3px;border-color:#000000;width:100px;\"><\/span><\/div><\/div><div class=\"ult-spacer spacer-69fa1dc90eda9\" data-id=\"69fa1dc90eda9\" data-height=\"24\" data-height-mobile=\"24\" data-height-tab=\"24\" data-height-tab-portrait=\"\" data-height-mobile-landscape=\"\" style=\"clear:both;display:block;\"><\/div>[vc_column_text]De\u011ferli Mezunlar\u0131m\u0131z,<\/p>\n<p><strong>2025 \u2013 2026<\/strong> E\u011fitim \u00d6\u011fretim Y\u0131l\u0131 \u00dcniversite burs m\u00fcracaatlar\u0131m\u0131z ba\u015flam\u0131\u015ft\u0131r.<\/p>\n<p>Di\u011fer y\u0131llardan farkl\u0131 olarak, burs i\u00e7in istenen formlar sizler taraf\u0131ndan doldurulup imzaland\u0131ktan ve evraklar haz\u0131rland\u0131ktan sonra PDF format\u0131nda taranarak\u00a0<a href=\"mailto:kocaeli@enka.k12.tr\"><strong>kocaeli@enka.k12.tr<\/strong><\/a>\u00a0okul mailine g\u00f6nderilecektir.\u00a0<strong>Ancak sadece \u201cDERNEK \u00dcYE FORMU\u201d okula kargo ile g\u00f6nderilecektir.<\/strong>\u00a0Yani sizden istenen t\u00fcm belgeleri mail adresine g\u00f6ndermeniz, ek olarak\u00a0<strong>SADECE \u201cDERNEK \u00dcYE FORMU\u201d<\/strong>\u00a0isimli dosyay\u0131 okula kargo ile g\u00f6ndermeniz gerekmektedir.<\/p>\n<p>Maili g\u00f6nderirken konu k\u0131sm\u0131na \u201c\u2026\u2026\u2026\u2026\u2026. isimli mezun 2025.2026 burs m\u00fcracaat\u0131\u201d yaz\u0131lacakt\u0131r.<\/p>\n<p>Burs m\u00fcracaatlar\u0131,\u00a0<strong>10 Ekim 2025\u00a0Cuma g\u00fcn\u00fc<\/strong>\u00a0mesai bitimine kadar al\u0131nacak olup bu tarihten sonra gelen burs m\u00fcracaatlar\u0131 i\u015fleme al\u0131nmayacakt\u0131r.<\/p>\n<p>Mail olarak g\u00f6nderilecek PDF taramalar\u0131n okunakl\u0131 ve net g\u00f6r\u00fcn\u00fcr olmas\u0131na dikkat edilecektir. Evraklar\u0131n net g\u00f6r\u00fcnmemesi veya okunakl\u0131 olmamas\u0131ndan dolay\u0131 olu\u015fabilecek sorumluluk mezunumuza aittir. Doldurulacak formlar\u0131\u00a0<strong>sayfan\u0131n en alt\u0131nda yer alan linklerden indirebilirsiniz.<\/strong><\/p>\n<p><strong>Burs m\u00fcracaatlar\u0131nda iki grup evrak listesi bulunmaktad\u0131r.<\/strong><\/p>\n<p>&nbsp;<\/p>\n<p><strong><u>\u00dcniversiteyi yeni kazanarak ilk kez burs ba\u011flanacaklar i\u00e7in birinci grup evraklar<\/u><\/strong><\/p>\n<p>Not: 2025 \u00dcniversite giri\u015f s\u0131nav\u0131nda\u00a0<strong>say\u0131salda ilk 8 bine, EA ilk bin be\u015f y\u00fcze, s\u00f6zelde ve dilde ilk 5 y\u00fcze girenlerin\u00a0<\/strong>burs m\u00fcracaatlar\u0131 kabul edilecektir. Haz\u0131rl\u0131k s\u0131n\u0131f\u0131nda okuyacaklar burs m\u00fcracaat\u0131nda bulunamazlar. Haz\u0131rl\u0131k s\u0131n\u0131f\u0131n\u0131 ge\u00e7tikten sonra m\u00fcracaat edebilirler.<\/p>\n<p>&nbsp;<\/p>\n<p>1- 2025 YKS sonu\u00e7 belgesi<\/p>\n<p>2- \u00dcniversiteye kay\u0131t olduklar\u0131na dair \u00f6\u011frenci belgesi<\/p>\n<p>3- Kimlik kart\u0131 taramas\u0131 \u00f6nl\u00fc arkal\u0131<\/p>\n<p>4- Burs m\u00fcracaat formu<\/p>\n<p>5- Yeni ba\u015flayacaklar i\u00e7in dilek\u00e7e<\/p>\n<p>6- Mezunlar derne\u011fi \u00fcye giri\u015f formu ve bu y\u0131l\u0131n aidat\u0131n\u0131n yat\u0131r\u0131ld\u0131\u011f\u0131na dair banka dekontu<\/p>\n<p>7- Yap\u0131 Kredi Bankas\u0131 banka c\u00fczdan\u0131 hesap bilgileri yaz\u0131l\u0131 sayfan\u0131n taramas\u0131<\/p>\n<p><strong><u>Daha \u00f6nce burs almakta olan \u00fcniversite ara s\u0131n\u0131f \u00f6\u011frencilerinin bursunun devam\u0131 i\u00e7in ikinci grup evraklar<\/u><\/strong><\/p>\n<p>1- Bu \u00f6\u011fretim y\u0131l\u0131nda okuyacaklar\u0131 s\u0131n\u0131flar\u0131n\u0131 g\u00f6sterir yeni al\u0131nm\u0131\u015f \u00f6\u011frenci belgesi<\/p>\n<p>2- \u00d6nceki y\u0131llardaki ders durumlar\u0131n\u0131 g\u00f6sterir yeni al\u0131nm\u0131\u015f transkript<\/p>\n<p>3- Ara s\u0131n\u0131f \u00f6\u011frenciler i\u00e7in dilek\u00e7e<\/p>\n<p>4- Kimlik kart\u0131 taramas\u0131 \u00f6nl\u00fc arkal\u0131<\/p>\n<p>5- Yap\u0131 Kredi banka c\u00fczdan\u0131 hesap bilgileri yaz\u0131l\u0131 sayfan\u0131n taramas\u0131<\/p>\n<p>6- Mezunlar derne\u011fi bu y\u0131l\u0131n aidat\u0131n\u0131n yat\u0131r\u0131ld\u0131\u011f\u0131na dair banka dekontu<\/p>\n<p><strong>ENKA Teknik Okullar\u0131 Mezunlar Derne\u011fi<\/strong>\u00a0Banka Hesap Bilgileri:<\/p>\n<p>Yap\u0131 Kredi\u00a0Bankas\u0131, Esentepe B\u00fcy\u00fckdere Caddesi \u015eubesi (054),<\/p>\n<p>IBAN: TR36 0006 7010 0000 0064 4260 74<\/p>\n<p>Hesap Numaras\u0131: 64426074<\/p>\n<p>2025 y\u0131l\u0131 \u00fcyelik aidat\u0131 12 ay i\u00e7in toplam 1.500 TL olarak bir defada yat\u0131r\u0131lacakt\u0131r.[\/vc_column_text]<div class=\"ult-spacer spacer-69fa1dc90edd8\" data-id=\"69fa1dc90edd8\" data-height=\"24\" data-height-mobile=\"24\" data-height-tab=\"24\" data-height-tab-portrait=\"\" data-height-mobile-landscape=\"\" style=\"clear:both;display:block;\"><\/div>[\/vc_column][\/vc_row][vc_row padding_top=&#8221;30px&#8221; bg_type=&#8221;bg_color&#8221; bg_color_value=&#8221;#f5f5f5&#8243;][vc_column width=&#8221;1\/4&#8243;]<div class=\"aio-icon-component    style_2\"><a class=\"aio-icon-box-link\" href=\"https:\/\/www.enka.k12.tr\/kocaeli\/wp-content\/uploads\/2025\/09\/burs-basvuru-formu-2025-2026-2.pdf\" ><div id=\"Info-box-wrap-3837\" class=\"aio-icon-box square_box-icon\" style=\"border-style:solid;border-width:1px;\" data-min-height='100px' ><div class=\"aio-icon-square_box\"><div class=\"ult-just-icon-wrapper  \"><div class=\"align-icon\" style=\"text-align:center;\">\n<div class=\"aio-icon square \"  style=\"color:#ffffff;background:#69b3e7;font-size:32px;display:inline-block;\">\n\t<i class=\"Defaults-file-o\"><\/i>\n<\/div><\/div><\/div><\/div><div class=\"aio-icon-header\" ><h3 class=\"aio-icon-title ult-responsive\"  data-ultimate-target='#Info-box-wrap-3837 .aio-icon-title'  data-responsive-json-new='{\"font-size\":\"\",\"line-height\":\"\"}'  style=\"\">Burs Ba\u015fvuru Formu<\/h3><\/div> <!-- header --><\/div> <!-- aio-icon-box --><\/a><\/div> <!-- aio-icon-component -->[\/vc_column][vc_column width=&#8221;1\/4&#8243;]<div class=\"aio-icon-component    style_2\"><a class=\"aio-icon-box-link\" href=\"https:\/\/www.enka.k12.tr\/kocaeli\/wp-content\/uploads\/2021\/09\/BURS-DILEKCE-ORNEGI-yeni-baslayacaklar.pdf\" ><div id=\"Info-box-wrap-9950\" class=\"aio-icon-box square_box-icon\" style=\"border-style:solid;border-width:1px;\" data-min-height='100px' ><div class=\"aio-icon-square_box\"><div class=\"ult-just-icon-wrapper  \"><div class=\"align-icon\" style=\"text-align:center;\">\n<div class=\"aio-icon square \"  style=\"color:#ffffff;background:#69b3e7;font-size:32px;display:inline-block;\">\n\t<i class=\"Defaults-file-o\"><\/i>\n<\/div><\/div><\/div><\/div><div class=\"aio-icon-header\" ><h3 class=\"aio-icon-title ult-responsive\"  data-ultimate-target='#Info-box-wrap-9950 .aio-icon-title'  data-responsive-json-new='{\"font-size\":\"\",\"line-height\":\"\"}'  style=\"\">Burs Dilek\u00e7e \u00d6rne\u011fi - Yeni Ba\u015flayanlar<\/h3><\/div> <!-- header --><\/div> <!-- aio-icon-box --><\/a><\/div> <!-- aio-icon-component -->[\/vc_column][vc_column width=&#8221;1\/4&#8243;]<div class=\"aio-icon-component    style_2\"><a class=\"aio-icon-box-link\" href=\"https:\/\/www.enka.k12.tr\/kocaeli\/wp-content\/uploads\/2021\/09\/BURS-DILEKCE-ORNEGI-ara-sinif-ogrenciler.pdf\" ><div id=\"Info-box-wrap-3519\" class=\"aio-icon-box square_box-icon\" style=\"border-style:solid;border-width:1px;\" data-min-height='100px' ><div class=\"aio-icon-square_box\"><div class=\"ult-just-icon-wrapper  \"><div class=\"align-icon\" style=\"text-align:center;\">\n<div class=\"aio-icon square \"  style=\"color:#ffffff;background:#69b3e7;font-size:32px;display:inline-block;\">\n\t<i class=\"Defaults-file-o\"><\/i>\n<\/div><\/div><\/div><\/div><div class=\"aio-icon-header\" ><h3 class=\"aio-icon-title ult-responsive\"  data-ultimate-target='#Info-box-wrap-3519 .aio-icon-title'  data-responsive-json-new='{\"font-size\":\"\",\"line-height\":\"\"}'  style=\"\">Burs Dilek\u00e7e \u00d6rne\u011fi - Ara S\u0131n\u0131f \u00d6\u011frencileri<\/h3><\/div> <!-- header --><\/div> <!-- aio-icon-box --><\/a><\/div> <!-- aio-icon-component -->[\/vc_column][vc_column width=&#8221;1\/4&#8243;]<div class=\"aio-icon-component    style_2\"><a class=\"aio-icon-box-link\" href=\"https:\/\/www.enka.k12.tr\/kocaeli\/wp-content\/uploads\/2023\/09\/Dernek-Uye-Formu.pdf\" ><div id=\"Info-box-wrap-7771\" class=\"aio-icon-box square_box-icon\" style=\"border-style:solid;border-width:1px;\" data-min-height='100px' ><div class=\"aio-icon-square_box\"><div class=\"ult-just-icon-wrapper  \"><div class=\"align-icon\" style=\"text-align:center;\">\n<div class=\"aio-icon square \"  style=\"color:#ffffff;background:#69b3e7;font-size:32px;display:inline-block;\">\n\t<i class=\"Defaults-file-o\"><\/i>\n<\/div><\/div><\/div><\/div><div class=\"aio-icon-header\" ><h3 class=\"aio-icon-title ult-responsive\"  data-ultimate-target='#Info-box-wrap-7771 .aio-icon-title'  data-responsive-json-new='{\"font-size\":\"\",\"line-height\":\"\"}'  style=\"\">Dernek \u00dcye Giri\u015f Formu<\/h3><\/div> <!-- header --><\/div> <!-- aio-icon-box --><\/a><\/div> <!-- aio-icon-component -->[\/vc_column][\/vc_row][vc_row][vc_column]<div class=\"ult-spacer spacer-69fa1dc90f0e0\" data-id=\"69fa1dc90f0e0\" data-height=\"10\" data-height-mobile=\"10\" data-height-tab=\"10\" data-height-tab-portrait=\"\" data-height-mobile-landscape=\"\" style=\"clear:both;display:block;\"><\/div>[\/vc_column][\/vc_row]<\/p>\n<\/div>","protected":false},"excerpt":{"rendered":"<p>[vc_row][vc_column][\/vc_column][\/vc_row][vc_row padding_top=&#8221;30px&#8221; bg_type=&#8221;bg_color&#8221; bg_color_value=&#8221;#f5f5f5&#8243;][vc_column][vc_column_text]De\u011ferli Mezunlar\u0131m\u0131z, 2025 \u2013 2026 E\u011fitim \u00d6\u011fretim Y\u0131l\u0131 \u00dcniversite burs m\u00fcracaatlar\u0131m\u0131z ba\u015flam\u0131\u015ft\u0131r. Di\u011fer y\u0131llardan farkl\u0131 olarak, burs i\u00e7in istenen formlar sizler taraf\u0131ndan doldurulup imzaland\u0131ktan ve evraklar haz\u0131rland\u0131ktan sonra PDF format\u0131nda taranarak\u00a0kocaeli@enka.k12.tr\u00a0okul mailine g\u00f6nderilecektir.\u00a0Ancak sadece \u201cDERNEK \u00dcYE FORMU\u201d okula kargo ile g\u00f6nderilecektir.\u00a0Yani sizden istenen t\u00fcm belgeleri mail adresine g\u00f6ndermeniz, ek olarak\u00a0SADECE \u201cDERNEK \u00dcYE FORMU\u201d\u00a0isimli dosyay\u0131 okula kargo ile g\u00f6ndermeniz gerekmektedir. Maili g\u00f6nderirken konu&#8230;<\/p>\n","protected":false},"author":4,"featured_media":1074,"parent":521,"menu_order":0,"comment_status":"closed","ping_status":"closed","template":"","meta":{"_acf_changed":false,"inline_featured_image":false,"footnotes":""},"class_list":["post-527","page","type-page","status-publish","has-post-thumbnail","hentry","custom-post-type-entry"],"aioseo_notices":[],"acf":[],"_links":{"self":[{"href":"https:\/\/www.enka.k12.tr\/kocaeli\/wp-json\/wp\/v2\/pages\/527","targetHints":{"allow":["GET"]}}],"collection":[{"href":"https:\/\/www.enka.k12.tr\/kocaeli\/wp-json\/wp\/v2\/pages"}],"about":[{"href":"https:\/\/www.enka.k12.tr\/kocaeli\/wp-json\/wp\/v2\/types\/page"}],"author":[{"embeddable":true,"href":"https:\/\/www.enka.k12.tr\/kocaeli\/wp-json\/wp\/v2\/users\/4"}],"replies":[{"embeddable":true,"href":"https:\/\/www.enka.k12.tr\/kocaeli\/wp-json\/wp\/v2\/comments?post=527"}],"version-history":[{"count":3,"href":"https:\/\/www.enka.k12.tr\/kocaeli\/wp-json\/wp\/v2\/pages\/527\/revisions"}],"predecessor-version":[{"id":26142,"href":"https:\/\/www.enka.k12.tr\/kocaeli\/wp-json\/wp\/v2\/pages\/527\/revisions\/26142"}],"up":[{"embeddable":true,"href":"https:\/\/www.enka.k12.tr\/kocaeli\/wp-json\/wp\/v2\/pages\/521"}],"wp:featuredmedia":[{"embeddable":true,"href":"https:\/\/www.enka.k12.tr\/kocaeli\/wp-json\/wp\/v2\/media\/1074"}],"wp:attachment":[{"href":"https:\/\/www.enka.k12.tr\/kocaeli\/wp-json\/wp\/v2\/media?parent=527"}],"curies":[{"name":"wp","href":"https:\/\/api.w.org\/{rel}","templated":true}]}}