{"id":559,"date":"2017-07-26T07:56:18","date_gmt":"2017-07-26T07:56:18","guid":{"rendered":"http:\/\/www.enka.com\/foundation\/schools\/gebze\/schools\/"},"modified":"2019-12-12T16:20:24","modified_gmt":"2019-12-12T13:20:24","slug":"okullarimiz","status":"publish","type":"page","link":"https:\/\/www.enka.k12.tr\/kocaeli\/okullarimiz\/","title":{"rendered":"OKULLARIMIZ"},"content":{"rendered":"<div class=\"wpb-content-wrapper\"><p>[vc_row padding_top=&#8221;10px&#8221; padding_bottom=&#8221;50px&#8221;][vc_column width=&#8221;1\/2&#8243;]<div id=\"ultimate-heading-876969dff3dabc22e\" class=\"uvc-heading ult-adjust-bottom-margin ultimate-heading-876969dff3dabc22e uvc-4511 \" data-hspacer=\"line_only\"  data-halign=\"center\" style=\"text-align:center\"><div class=\"uvc-sub-heading ult-responsive\"  data-ultimate-target='.uvc-heading.ultimate-heading-876969dff3dabc22e .uvc-sub-heading '  data-responsive-json-new='{\"font-size\":\"desktop:35px;tablet:33px;tablet_portrait:36px;mobile_landscape:34px;mobile:32px;\",\"line-height\":\"desktop:35px;tablet:38px;tablet_portrait:36px;mobile_landscape:34px;mobile:32px;\"}'  style=\"font-weight:bold;color:#000000;\"><\/p>\n<p style=\"text-align: center;\">FEN VE TEKNOLOJ\u0130 L\u0130SES\u0130<\/p>\n<p><\/div><div class=\"uvc-heading-spacer line_only\" style=\"margin-top:10px;height:3px;\"><span class=\"uvc-headings-line\" style=\"border-style:solid;border-bottom-width:3px;border-color:#69b3e7;width:100px;\"><\/span><\/div><\/div><div class=\"ult-spacer spacer-69dff3dabc293\" data-id=\"69dff3dabc293\" data-height=\"30\" data-height-mobile=\"10\" data-height-tab=\"25\" data-height-tab-portrait=\"20\" data-height-mobile-landscape=\"18\" style=\"clear:both;display:block;\"><\/div><div tabindex=\"0\" class=\"ult-new-ib ult-ib-effect-style5  ult-ib-resp  \" data-min-width=\"768\" data-max-width=\"900\" style=\"background:#69b3e7;\" data-opacity=\"1\" data-hover-opacity=\"0.3\" ><img decoding=\"async\" class=\"ult-new-ib-img\" style=\"opacity:1;\" alt=\"null\" src=\"https:\/\/www.enka.k12.tr\/kocaeli\/wp-content\/uploads\/2017\/09\/sciencetech_home.jpg\"   \/><div id=\"interactive-banner-wrap-6523\" class=\"ult-new-ib-desc\" style=\"background:#69b3e7;\"><h2 class=\"ult-new-ib-title ult-responsive\"  data-ultimate-target='#interactive-banner-wrap-6523 .ult-new-ib-title'  data-responsive-json-new='{\"font-size\":\"\",\"line-height\":\"\"}'  style=\"font-weight:normal;color:#ffffff;\">FEN VE TEKNOLOJ\u0130 L\u0130SES\u0130<\/h2><div class=\"ult-new-ib-content ult-responsive\"  data-ultimate-target='#interactive-banner-wrap-6523 .ult-new-ib-content'  data-responsive-json-new='{\"font-size\":\"\",\"line-height\":\"\"}'  style=\"font-weight:normal;color:#ffffff;\"><p>130 \u00f6\u011frenci kontenjan\u0131 olan okulumuz, Kocaeli il s\u0131n\u0131rlar\u0131nda Makina \u0130htisas Organize Sanayi B\u00f6lgesinde hizmet veren \u00d6zel ENKA Mesleki ve Teknik Anadolu Lisesi ile ayn\u0131 binada, 30.750 metrekarelik bir ye\u015fil alan i\u00e7inde 15.000 metrekare kapal\u0131 alanda hizmet veren kamp\u00fcs\u00fcm\u00fczde 2014 y\u0131l\u0131nda a\u00e7\u0131lm\u0131\u015ft\u0131r.<\/p><\/div><\/div><a class=\"ult-new-ib-link\" href=\"http:\/\/www.enka.k12.tr\/kocaeli\/okullarimiz\/fen-ve-teknoloji-lisesi\/\"  ><\/a><\/div>[\/vc_column][vc_column width=&#8221;1\/2&#8243;]<div id=\"ultimate-heading-187769dff3dabc638\" class=\"uvc-heading ult-adjust-bottom-margin ultimate-heading-187769dff3dabc638 uvc-8753 \" data-hspacer=\"line_only\"  data-halign=\"center\" style=\"text-align:center\"><div class=\"uvc-sub-heading ult-responsive\"  data-ultimate-target='.uvc-heading.ultimate-heading-187769dff3dabc638 .uvc-sub-heading '  data-responsive-json-new='{\"font-size\":\"desktop:35px;tablet:33px;tablet_portrait:36px;mobile_landscape:34px;mobile:32px;\",\"line-height\":\"desktop:35px;tablet:38px;tablet_portrait:36px;mobile_landscape:34px;mobile:32px;\"}'  style=\"font-weight:bold;color:#000000;\"><\/p>\n<p style=\"text-align: center;\">ANADOLU TEKN\u0130K L\u0130SES\u0130<\/p>\n<p><\/div><div class=\"uvc-heading-spacer line_only\" style=\"margin-top:10px;height:3px;\"><span class=\"uvc-headings-line\" style=\"border-style:solid;border-bottom-width:3px;border-color:#69b3e7;width:100px;\"><\/span><\/div><\/div><div class=\"ult-spacer spacer-69dff3dabc67c\" data-id=\"69dff3dabc67c\" data-height=\"30\" data-height-mobile=\"10\" data-height-tab=\"25\" data-height-tab-portrait=\"20\" data-height-mobile-landscape=\"18\" style=\"clear:both;display:block;\"><\/div><div tabindex=\"0\" class=\"ult-new-ib ult-ib-effect-style5  ult-ib-resp  \" data-min-width=\"768\" data-max-width=\"900\" style=\"background:#69b3e7;\" data-opacity=\"1\" data-hover-opacity=\"0.3\" ><img decoding=\"async\" class=\"ult-new-ib-img\" style=\"opacity:1;\" alt=\"null\" src=\"https:\/\/www.enka.k12.tr\/kocaeli\/wp-content\/uploads\/2017\/09\/techhigh_home.jpg\"   \/><div id=\"interactive-banner-wrap-1749\" class=\"ult-new-ib-desc\" style=\"background:#69b3e7;\"><h2 class=\"ult-new-ib-title ult-responsive\"  data-ultimate-target='#interactive-banner-wrap-1749 .ult-new-ib-title'  data-responsive-json-new='{\"font-size\":\"\",\"line-height\":\"\"}'  style=\"font-weight:normal;color:#ffffff;\">ANADOLU TEKN\u0130K L\u0130SES\u0130<\/h2><div class=\"ult-new-ib-content ult-responsive\"  data-ultimate-target='#interactive-banner-wrap-1749 .ult-new-ib-content'  data-responsive-json-new='{\"font-size\":\"\",\"line-height\":\"\"}'  style=\"font-weight:normal;color:#ffffff;\"><p>T\u00fcrkiye\u2019de ilk ve tek olarak t\u00fcm \u00f6\u011frencilerin tam burslu e\u011fitim ald\u0131\u011f\u0131 Anadolu Teknik Lisesi stat\u00fcs\u00fcnde e\u011fitim veren \u00d6zel ENKA Mesleki ve Teknik Anadolu Lisesi, 2008 y\u0131l\u0131nda ge\u00e7ici binada hizmete ba\u015flam\u0131\u015f ve 2010 y\u0131l\u0131nda as\u0131l kamp\u00fcs\u00fcne ta\u015f\u0131nm\u0131\u015ft\u0131r. <\/p><\/div><\/div><a class=\"ult-new-ib-link\" href=\"http:\/\/enka.k12.tr\/kocaeli\/okullarimiz\/anadolu-teknik-lisesi\/\"  ><\/a><\/div>[\/vc_column][\/vc_row]<\/p>\n<\/div>","protected":false},"excerpt":{"rendered":"<p>[vc_row padding_top=&#8221;10px&#8221; padding_bottom=&#8221;50px&#8221;][vc_column width=&#8221;1\/2&#8243;][\/vc_column][vc_column width=&#8221;1\/2&#8243;][\/vc_column][\/vc_row]<\/p>\n","protected":false},"author":4,"featured_media":999,"parent":0,"menu_order":0,"comment_status":"closed","ping_status":"closed","template":"","meta":{"_acf_changed":false,"inline_featured_image":false,"footnotes":""},"class_list":["post-559","page","type-page","status-publish","has-post-thumbnail","hentry","custom-post-type-entry"],"aioseo_notices":[],"acf":[],"_links":{"self":[{"href":"https:\/\/www.enka.k12.tr\/kocaeli\/wp-json\/wp\/v2\/pages\/559","targetHints":{"allow":["GET"]}}],"collection":[{"href":"https:\/\/www.enka.k12.tr\/kocaeli\/wp-json\/wp\/v2\/pages"}],"about":[{"href":"https:\/\/www.enka.k12.tr\/kocaeli\/wp-json\/wp\/v2\/types\/page"}],"author":[{"embeddable":true,"href":"https:\/\/www.enka.k12.tr\/kocaeli\/wp-json\/wp\/v2\/users\/4"}],"replies":[{"embeddable":true,"href":"https:\/\/www.enka.k12.tr\/kocaeli\/wp-json\/wp\/v2\/comments?post=559"}],"version-history":[{"count":1,"href":"https:\/\/www.enka.k12.tr\/kocaeli\/wp-json\/wp\/v2\/pages\/559\/revisions"}],"predecessor-version":[{"id":26884,"href":"https:\/\/www.enka.k12.tr\/kocaeli\/wp-json\/wp\/v2\/pages\/559\/revisions\/26884"}],"wp:featuredmedia":[{"embeddable":true,"href":"https:\/\/www.enka.k12.tr\/kocaeli\/wp-json\/wp\/v2\/media\/999"}],"wp:attachment":[{"href":"https:\/\/www.enka.k12.tr\/kocaeli\/wp-json\/wp\/v2\/media?parent=559"}],"curies":[{"name":"wp","href":"https:\/\/api.w.org\/{rel}","templated":true}]}}