{"id":618,"date":"2017-07-26T08:29:06","date_gmt":"2017-07-26T08:29:06","guid":{"rendered":"http:\/\/www.enka.com\/foundation\/schools\/gebze\/department-of-industrial-automation\/"},"modified":"2026-03-14T12:33:39","modified_gmt":"2026-03-14T09:33:39","slug":"endustriyel-otomasyon-bolumu","status":"publish","type":"page","link":"https:\/\/www.enka.k12.tr\/kocaeli\/okullarimiz\/mesleki-egitim\/endustriyel-otomasyon-bolumu\/","title":{"rendered":"END\u00dcSTR\u0130YEL OTOMASYON B\u00d6L\u00dcM\u00dc"},"content":{"rendered":"<div class=\"wpb-content-wrapper\"><p>[vc_row][vc_column]<div id=\"ultimate-heading-66469f380917a1a5\" class=\"uvc-heading ult-adjust-bottom-margin ultimate-heading-66469f380917a1a5 uvc-1582 \" data-hspacer=\"line_with_icon\" data-hline_width=\"auto\" data-hicon_type=\"custom\" data-hborder_style=\"solid\" data-hborder_height=\"3\" data-hborder_color=\"#69b3e7\" data-icon_width=\"200\" data-hfixer=\"30\"  data-halign=\"center\" style=\"text-align:center\"><div class=\"uvc-heading-spacer line_with_icon\" style=\"top\"><div class=\"ult-just-icon-wrapper  \"><div class=\"align-icon\" style=\"text-align:center;\">\n<div class=\"aio-icon-img \" style=\"font-size:200px;display:inline-block;\" >\n\t<img decoding=\"async\" class=\"img-icon\" alt=\"null\" src=\"https:\/\/www.enka.k12.tr\/kocaeli\/wp-content\/uploads\/2023\/12\/enka_schools_log_new.jpg\"\/>\n<\/div><\/div><\/div><\/div><\/div><div class=\"ult-spacer spacer-69f380917a207\" data-id=\"69f380917a207\" data-height=\"30\" data-height-mobile=\"10\" data-height-tab=\"20\" data-height-tab-portrait=\"\" data-height-mobile-landscape=\"\" style=\"clear:both;display:block;\"><\/div>[\/vc_column][\/vc_row][vc_row padding_top=&#8221;30px&#8221; bg_type=&#8221;bg_color&#8221; bg_color_value=&#8221;#f5f5f5&#8243;][vc_column]<div id=\"ultimate-heading-797269f380917a272\" class=\"uvc-heading ult-adjust-bottom-margin ultimate-heading-797269f380917a272 uvc-8803 \" data-hspacer=\"line_only\"  data-halign=\"center\" style=\"text-align:center\"><div class=\"uvc-main-heading ult-responsive\"  data-ultimate-target='.uvc-heading.ultimate-heading-797269f380917a272 h2'  data-responsive-json-new='{\"font-size\":\"desktop:20px;\",\"line-height\":\"desktop:50px;\"}' ><h2 style=\"font-weight:normal;color:#000000;\">END\u00dcSTR\u0130YEL OTOMASYON<\/h2><\/div><div class=\"uvc-sub-heading ult-responsive\"  data-ultimate-target='.uvc-heading.ultimate-heading-797269f380917a272 .uvc-sub-heading '  data-responsive-json-new='{\"font-size\":\"desktop:50px;tablet:48px;tablet_portrait:46px;mobile_landscape:44px;mobile:42px;\",\"line-height\":\"desktop:50px;tablet:48px;tablet_portrait:46px;mobile_landscape:44px;mobile:42px;\"}'  style=\"font-weight:bold;color:#000000;\"><span style=\"color: #33cccc; font-family: 'Roboto Condensed';\">B\u00d6L\u00dcM\u00dc<\/span><\/div><div class=\"uvc-heading-spacer line_only\" style=\"margin-top:10px;height:3px;\"><span class=\"uvc-headings-line\" style=\"border-style:solid;border-bottom-width:3px;border-color:#000000;width:100px;\"><\/span><\/div><\/div><div class=\"ult-spacer spacer-69f380917a2e7\" data-id=\"69f380917a2e7\" data-height=\"10\" data-height-mobile=\"10\" data-height-tab=\"10\" data-height-tab-portrait=\"\" data-height-mobile-landscape=\"20\" style=\"clear:both;display:block;\"><\/div>[\/vc_column][\/vc_row][vc_row padding_top=&#8221;30px&#8221; bg_type=&#8221;bg_color&#8221; bg_color_value=&#8221;#f5f5f5&#8243;][vc_column]<div class=\"ult-spacer spacer-69f380917a319\" data-id=\"69f380917a319\" data-height=\"15\" data-height-mobile=\"10\" data-height-tab=\"\" data-height-tab-portrait=\"\" data-height-mobile-landscape=\"20\" style=\"clear:both;display:block;\"><\/div>[vc_video link=&#8221;https:\/\/youtu.be\/BVtqaess2Nw&#8221;]<div class=\"ult-spacer spacer-69f380917a346\" data-id=\"69f380917a346\" data-height=\"15\" data-height-mobile=\"10\" data-height-tab=\"\" data-height-tab-portrait=\"\" data-height-mobile-landscape=\"20\" style=\"clear:both;display:block;\"><\/div>[vc_column_text]<\/p>\n<p style=\"text-align: justify;\"><span style=\"font-family: 'Roboto Condensed';\">End\u00fcstriyel Otomasyon Teknolojisi Alan\u0131nda sekt\u00f6r\u00fcn ve piyasa ko\u015fullar\u0131n\u0131n ihtiya\u00e7lar\u0131n\u0131 kar\u015f\u0131layabilecek, bilimsel ve teknolojik geli\u015fmeler do\u011frultusunda gerekli olan meslek\u00ee yeterlili\u011fe sahip meslek elemanlar\u0131 yeti\u015ftirilir.<\/span><\/p>\n<p style=\"text-align: justify;\"><span style=\"font-family: 'Roboto Condensed';\">Rekabetin h\u0131zla artt\u0131\u011f\u0131 g\u00fcn\u00fcm\u00fczde fabrikalar\u0131n \u00fcretimlerini daha h\u0131zl\u0131 ve kaliteli yapmalar\u0131 gerekmektedir. \u00dcretimde insan g\u00fcc\u00fcn\u00fcn yerini alan robot kollar ve bunlar\u0131n bilgisayarlarla kontrol\u00fc, end\u00fcstriyel otomasyon alan\u0131nda \u00f6\u011fretilmektedir. Okulumuzda sanayinin ihtiyac\u0131 olan bu alanda son teknolojiyi takip edebilecek nitelikte e\u011fitim verilecektir.<\/span><\/p>\n<p>[\/vc_column_text]<div class=\"ult-spacer spacer-69f380917a371\" data-id=\"69f380917a371\" data-height=\"5\" data-height-mobile=\"10\" data-height-tab=\"\" data-height-tab-portrait=\"\" data-height-mobile-landscape=\"20\" style=\"clear:both;display:block;\"><\/div>[\/vc_column][\/vc_row][vc_row padding_top=&#8221;30px&#8221; bg_type=&#8221;bg_color&#8221; bg_color_value=&#8221;#f5f5f5&#8243;][vc_column][vc_separator color=&#8221;blue&#8221;]<div class=\"ult-spacer spacer-69f380917a39b\" data-id=\"69f380917a39b\" data-height=\"10\" data-height-mobile=\"10\" data-height-tab=\"\" data-height-tab-portrait=\"\" data-height-mobile-landscape=\"20\" style=\"clear:both;display:block;\"><\/div>[\/vc_column][\/vc_row][vc_row padding_top=&#8221;30px&#8221; bg_type=&#8221;bg_color&#8221; bg_color_value=&#8221;#f5f5f5&#8243;][vc_column]<div id=\"ultimate-heading-946069f380917a3cc\" class=\"uvc-heading ult-adjust-bottom-margin ultimate-heading-946069f380917a3cc uvc-4720 \" data-hspacer=\"no_spacer\"  data-halign=\"center\" style=\"text-align:center\"><div class=\"uvc-heading-spacer no_spacer\" style=\"top\"><\/div><div class=\"uvc-sub-heading ult-responsive\"  data-ultimate-target='.uvc-heading.ultimate-heading-946069f380917a3cc .uvc-sub-heading '  data-responsive-json-new='{\"font-size\":\"\",\"line-height\":\"\"}'  style=\"font-weight:normal;\"><\/p>\n<p style=\"text-align: center;\"><span style=\"font-family: 'Roboto Condensed'; font-size: 18pt;\"><strong>MESLEK\u0130 E\u011e\u0130T\u0130M<\/strong><\/span><\/p>\n<p><\/div><\/div>[vc_column_text]<\/p>\n<p style=\"text-align: justify;\"><span style=\"font-family: 'Roboto Condensed';\">Okulumuzda End\u00fcstriyel Otomasyon Teknolojisi Alan\u0131 alt\u0131nda yer alan End\u00fcstriyel Kontrol Dal\u0131 e\u011fitimi verilmektedir. End\u00fcstriyel Otomasyon Teknolojisi Alan\u0131m\u0131zda Temel End\u00fcstri Uygulamalar\u0131, Mekatronik Sistemler, Fabrika Otomasyonu, Hidrolik- Pn\u00f6matik ve PLC laboratuvar\u0131 dersleri verilmektedir.\u00a0 Alan\u0131m\u0131zda at\u00f6lyelerimizde en fazla 12 \u00f6\u011frenci e\u011fitim g\u00f6rmekte olup, her \u00f6\u011frencinin t\u00fcm uygulamalar\u0131 bireysel olarak yapabilmesini sa\u011flayacak ara\u00e7-gere\u00e7, cihaz ve sarf malzemeleri mevcuttur.<\/span><\/p>\n<p>[\/vc_column_text][\/vc_column][\/vc_row][vc_row padding_top=&#8221;30px&#8221; bg_type=&#8221;bg_color&#8221; bg_color_value=&#8221;#f5f5f5&#8243;][vc_column width=&#8221;1\/2&#8243;][vc_single_image image=&#8221;18914&#8243;][\/vc_column][vc_column width=&#8221;1\/2&#8243;][vc_single_image image=&#8221;18916&#8243;][\/vc_column][\/vc_row][vc_row padding_top=&#8221;30px&#8221; bg_type=&#8221;bg_color&#8221; bg_color_value=&#8221;#f5f5f5&#8243;][vc_column][vc_column_text]<\/p>\n<p style=\"text-align: justify;\"><span style=\"font-family: 'Roboto Condensed';\">Alan\u0131m\u0131zda at\u00f6lyelerimizde en fazla 12 \u00f6\u011frenci e\u011fitim g\u00f6rmekte olup, her \u00f6\u011frencinin t\u00fcm uygulamalar\u0131 bireysel olarak yapabilmesini sa\u011flayacak ara\u00e7-gere\u00e7, cihaz ve sarf malzemeleri mevcuttur.<\/span><\/p>\n<p>[\/vc_column_text][\/vc_column][\/vc_row][vc_row padding_top=&#8221;30px&#8221; bg_type=&#8221;bg_color&#8221; bg_color_value=&#8221;#f5f5f5&#8243;][vc_column][vc_separator color=&#8221;blue&#8221;]<div class=\"ult-spacer spacer-69f380917a404\" data-id=\"69f380917a404\" data-height=\"10\" data-height-mobile=\"10\" data-height-tab=\"\" data-height-tab-portrait=\"\" data-height-mobile-landscape=\"20\" style=\"clear:both;display:block;\"><\/div>[\/vc_column][\/vc_row][vc_row padding_top=&#8221;30px&#8221; bg_type=&#8221;bg_color&#8221; bg_color_value=&#8221;#f5f5f5&#8243;][vc_column width=&#8221;2\/3&#8243;]<div class=\"ult-spacer spacer-69f380917a42c\" data-id=\"69f380917a42c\" data-height=\"30\" data-height-mobile=\"10\" data-height-tab=\"\" data-height-tab-portrait=\"\" data-height-mobile-landscape=\"20\" style=\"clear:both;display:block;\"><\/div><div id=\"ultimate-heading-127269f380917a46c\" class=\"uvc-heading ult-adjust-bottom-margin ultimate-heading-127269f380917a46c uvc-8298 \" data-hspacer=\"no_spacer\"  data-halign=\"left\" style=\"text-align:left\"><div class=\"uvc-heading-spacer no_spacer\" style=\"top\"><\/div><div class=\"uvc-sub-heading ult-responsive\"  data-ultimate-target='.uvc-heading.ultimate-heading-127269f380917a46c .uvc-sub-heading '  data-responsive-json-new='{\"font-size\":\"\",\"line-height\":\"\"}'  style=\"font-weight:normal;\"><span style=\"font-family: 'Roboto Condensed'; font-size: 18pt;\"><strong>PROJE \u00c7ALI\u015eMALARI<\/strong><\/span><\/div><\/div><div class=\"ult-spacer spacer-69f380917a4a3\" data-id=\"69f380917a4a3\" data-height=\"20\" data-height-mobile=\"10\" data-height-tab=\"\" data-height-tab-portrait=\"\" data-height-mobile-landscape=\"20\" style=\"clear:both;display:block;\"><\/div>[vc_column_text]<\/p>\n<p style=\"text-align: justify;\"><span style=\"font-family: 'Roboto Condensed';\">\u00d6\u011frencilerimiz ald\u0131klar\u0131 uygulamal\u0131 e\u011fitim sayesinde gerekli donan\u0131m ve \u00a0alt yap\u0131lar\u0131n\u0131 kullanarak haz\u0131rlad\u0131klar\u0131 proje \u00e7al\u0131\u015fmalar\u0131 ile yurt i\u00e7inde ve yurt d\u0131\u015f\u0131ndaki proje yar\u0131\u015fmalar\u0131na kat\u0131l\u0131m sa\u011flamaktad\u0131r.<\/span><\/p>\n<p>[\/vc_column_text][\/vc_column][vc_column width=&#8221;1\/3&#8243;][vc_single_image image=&#8221;18926&#8243;][\/vc_column][\/vc_row][vc_row padding_top=&#8221;30px&#8221; bg_type=&#8221;bg_color&#8221; bg_color_value=&#8221;#f5f5f5&#8243;][vc_column][vc_separator color=&#8221;blue&#8221;]<div class=\"ult-spacer spacer-69f380917a4cb\" data-id=\"69f380917a4cb\" data-height=\"10\" data-height-mobile=\"10\" data-height-tab=\"\" data-height-tab-portrait=\"\" data-height-mobile-landscape=\"20\" style=\"clear:both;display:block;\"><\/div>[\/vc_column][\/vc_row][vc_row padding_top=&#8221;30px&#8221; bg_type=&#8221;bg_color&#8221; bg_color_value=&#8221;#f5f5f5&#8243;][vc_column width=&#8221;2\/3&#8243;]<div id=\"ultimate-heading-219069f380917a4fb\" class=\"uvc-heading ult-adjust-bottom-margin ultimate-heading-219069f380917a4fb uvc-6695 \" data-hspacer=\"no_spacer\"  data-halign=\"left\" style=\"text-align:left\"><div class=\"uvc-heading-spacer no_spacer\" style=\"top\"><\/div><div class=\"uvc-sub-heading ult-responsive\"  data-ultimate-target='.uvc-heading.ultimate-heading-219069f380917a4fb .uvc-sub-heading '  data-responsive-json-new='{\"font-size\":\"\",\"line-height\":\"\"}'  style=\"font-weight:normal;\"><span style=\"font-family: 'Roboto Condensed'; font-size: 18pt;\"><strong>ULUSAL VE ULUSLARARASI YARI\u015eMALAR<\/strong><\/span><\/div><\/div><div class=\"ult-spacer spacer-69f380917a52f\" data-id=\"69f380917a52f\" data-height=\"20\" data-height-mobile=\"10\" data-height-tab=\"\" data-height-tab-portrait=\"\" data-height-mobile-landscape=\"20\" style=\"clear:both;display:block;\"><\/div>[vc_column_text]<\/p>\n<p style=\"text-align: justify;\"><span style=\"font-family: 'Roboto Condensed';\">\u00d6\u011frencilerimiz ald\u0131klar\u0131 uygulamal\u0131 e\u011fitim sayesinde gerekli donan\u0131m ve \u00a0alt yap\u0131lar\u0131n\u0131 kullanarak haz\u0131rlad\u0131klar\u0131 proje \u00e7al\u0131\u015fmalar\u0131 ile yurt i\u00e7inde ve yurt d\u0131\u015f\u0131ndaki proje yar\u0131\u015fmalar\u0131na kat\u0131l\u0131m sa\u011flamaktad\u0131r.<\/span><\/p>\n<p>[\/vc_column_text][\/vc_column][vc_column width=&#8221;1\/3&#8243;][vc_single_image image=&#8221;18936&#8243;][\/vc_column][\/vc_row][vc_row padding_top=&#8221;30px&#8221; bg_type=&#8221;bg_color&#8221; bg_color_value=&#8221;#f5f5f5&#8243;][vc_column][vc_separator color=&#8221;blue&#8221;]<div class=\"ult-spacer spacer-69f380917a555\" data-id=\"69f380917a555\" data-height=\"10\" data-height-mobile=\"10\" data-height-tab=\"\" data-height-tab-portrait=\"\" data-height-mobile-landscape=\"20\" style=\"clear:both;display:block;\"><\/div>[\/vc_column][\/vc_row][vc_row padding_top=&#8221;30px&#8221; bg_type=&#8221;bg_color&#8221; bg_color_value=&#8221;#f5f5f5&#8243;][vc_column]<div id=\"ultimate-heading-875569f380917a580\" class=\"uvc-heading ult-adjust-bottom-margin ultimate-heading-875569f380917a580 uvc-8673 \" data-hspacer=\"no_spacer\"  data-halign=\"center\" style=\"text-align:center\"><div class=\"uvc-heading-spacer no_spacer\" style=\"top\"><\/div><div class=\"uvc-sub-heading ult-responsive\"  data-ultimate-target='.uvc-heading.ultimate-heading-875569f380917a580 .uvc-sub-heading '  data-responsive-json-new='{\"font-size\":\"\",\"line-height\":\"\"}'  style=\"font-weight:normal;\"><span style=\"font-size: 18pt; font-family: 'Roboto Condensed';\"><strong>FUAR TEKN\u0130K GEZ\u0130LER\u0130<\/strong><\/span><\/div><\/div><div class=\"ult-spacer spacer-69f380917a5b2\" data-id=\"69f380917a5b2\" data-height=\"20\" data-height-mobile=\"10\" data-height-tab=\"\" data-height-tab-portrait=\"\" data-height-mobile-landscape=\"20\" style=\"clear:both;display:block;\"><\/div>[vc_column_text]<\/p>\n<p style=\"text-align: justify;\"><span style=\"font-family: 'Roboto Condensed';\">End\u00fcstriyel Otomasyon Teknolojisi ile ilgili \u00f6\u011frencilerimizin bilgi ve birikimlerine katk\u0131 sa\u011flamak amac\u0131yla Otomasyon sekt\u00f6r\u00fcn\u00fcn d\u00fcnyaca kabul g\u00f6rm\u00fc\u015f ve takip edilen firmalar\u0131n\u0131n tan\u0131t\u0131lmas\u0131n\u0131 sa\u011flayan fuarlara teknik geziler ger\u00e7ekle\u015ftirilmektedir<\/span><\/p>\n<p>[\/vc_column_text][\/vc_column][\/vc_row][vc_row padding_top=&#8221;30px&#8221; bg_type=&#8221;bg_color&#8221; bg_color_value=&#8221;#f5f5f5&#8243;][vc_column][vc_separator color=&#8221;blue&#8221;]<div class=\"ult-spacer spacer-69f380917a5d7\" data-id=\"69f380917a5d7\" data-height=\"10\" data-height-mobile=\"10\" data-height-tab=\"\" data-height-tab-portrait=\"\" data-height-mobile-landscape=\"20\" style=\"clear:both;display:block;\"><\/div>[\/vc_column][\/vc_row][vc_row padding_top=&#8221;30px&#8221; bg_type=&#8221;bg_color&#8221; bg_color_value=&#8221;#f5f5f5&#8243;][vc_column]<div id=\"ultimate-heading-49769f380917a601\" class=\"uvc-heading ult-adjust-bottom-margin ultimate-heading-49769f380917a601 uvc-6069 \" data-hspacer=\"no_spacer\"  data-halign=\"center\" style=\"text-align:center\"><div class=\"uvc-heading-spacer no_spacer\" style=\"top\"><\/div><div class=\"uvc-sub-heading ult-responsive\"  data-ultimate-target='.uvc-heading.ultimate-heading-49769f380917a601 .uvc-sub-heading '  data-responsive-json-new='{\"font-size\":\"\",\"line-height\":\"\"}'  style=\"font-weight:normal;\"><span style=\"font-family: 'Roboto Condensed'; font-size: 18pt;\"><strong>STAJ<\/strong><\/span><\/div><\/div><div class=\"ult-spacer spacer-69f380917a631\" data-id=\"69f380917a631\" data-height=\"20\" data-height-mobile=\"10\" data-height-tab=\"\" data-height-tab-portrait=\"\" data-height-mobile-landscape=\"20\" style=\"clear:both;display:block;\"><\/div>[vc_column_text]<\/p>\n<p style=\"text-align: justify;\"><span style=\"font-family: 'Roboto Condensed';\">\u00d6\u011frencilerimiz End\u00fcstriyel Otomasyon at\u00f6lyelerimizde bilimsel \u00e7al\u0131\u015fma ve disiplin kurallar\u0131 \u00e7er\u00e7evesinde kazand\u0131klar\u0131 bilgi ve pratik becerilerini yaz aylar\u0131nda yapt\u0131klar\u0131 stajlar\u0131nda kullanmaktad\u0131r.<\/span><\/p>\n<p>[\/vc_column_text][\/vc_column][\/vc_row][vc_row padding_top=&#8221;30px&#8221; bg_type=&#8221;bg_color&#8221; bg_color_value=&#8221;#f5f5f5&#8243;][vc_column][vc_separator color=&#8221;blue&#8221;]<div class=\"ult-spacer spacer-69f380917a655\" data-id=\"69f380917a655\" data-height=\"10\" data-height-mobile=\"10\" data-height-tab=\"\" data-height-tab-portrait=\"\" data-height-mobile-landscape=\"20\" style=\"clear:both;display:block;\"><\/div>[\/vc_column][\/vc_row][vc_row padding_top=&#8221;30px&#8221; bg_type=&#8221;bg_color&#8221; bg_color_value=&#8221;#f5f5f5&#8243;][vc_column]<div id=\"ultimate-heading-894069f380917a67f\" class=\"uvc-heading ult-adjust-bottom-margin ultimate-heading-894069f380917a67f uvc-5020 \" data-hspacer=\"no_spacer\"  data-halign=\"center\" style=\"text-align:center\"><div class=\"uvc-heading-spacer no_spacer\" style=\"top\"><\/div><div class=\"uvc-sub-heading ult-responsive\"  data-ultimate-target='.uvc-heading.ultimate-heading-894069f380917a67f .uvc-sub-heading '  data-responsive-json-new='{\"font-size\":\"\",\"line-height\":\"\"}'  style=\"font-weight:normal;\"><span style=\"font-family: 'Roboto Condensed'; font-size: 18pt;\"><strong>MEZUN\u0130YET SONRASI<\/strong><\/span><\/div><\/div><div class=\"ult-spacer spacer-69f380917a6ae\" data-id=\"69f380917a6ae\" data-height=\"20\" data-height-mobile=\"10\" data-height-tab=\"\" data-height-tab-portrait=\"\" data-height-mobile-landscape=\"20\" style=\"clear:both;display:block;\"><\/div>[vc_column_text]<\/p>\n<p style=\"text-align: justify;\"><span style=\"font-size: 12pt; font-family: 'Roboto Condensed';\">End\u00fcstriyel Otomasyon Teknolojisi Alan\u0131ndan mezun olan \u00f6\u011frencilerimiz ald\u0131klar\u0131 kaliteli e\u011fitim sayesinde otomotiv, elektrik elektronik, bilgisayar, metal, sa\u011fl\u0131k, g\u0131da, enerji, tar\u0131m gibi bir\u00e7ok sekt\u00f6rde \u00e7al\u0131\u015fabilirler, yeni \u00fcr\u00fcnler ortaya \u00e7\u0131kar\u0131p ve bunlar\u0131n \u00fcretimi i\u00e7in teknolojik y\u00f6ntemler geli\u015ftirebilirler.<\/span><\/p>\n<p>[\/vc_column_text]<div class=\"ult-spacer spacer-69f380917a6d2\" data-id=\"69f380917a6d2\" data-height=\"20\" data-height-mobile=\"10\" data-height-tab=\"\" data-height-tab-portrait=\"\" data-height-mobile-landscape=\"20\" style=\"clear:both;display:block;\"><\/div>[\/vc_column][\/vc_row]<\/p>\n<\/div>","protected":false},"excerpt":{"rendered":"<p>[vc_row][vc_column][\/vc_column][\/vc_row][vc_row padding_top=&#8221;30px&#8221; bg_type=&#8221;bg_color&#8221; bg_color_value=&#8221;#f5f5f5&#8243;][vc_column][\/vc_column][\/vc_row][vc_row padding_top=&#8221;30px&#8221; bg_type=&#8221;bg_color&#8221; bg_color_value=&#8221;#f5f5f5&#8243;][vc_column][vc_video link=&#8221;https:\/\/youtu.be\/BVtqaess2Nw&#8221;][vc_column_text] End\u00fcstriyel Otomasyon Teknolojisi Alan\u0131nda sekt\u00f6r\u00fcn ve piyasa ko\u015fullar\u0131n\u0131n ihtiya\u00e7lar\u0131n\u0131 kar\u015f\u0131layabilecek, bilimsel ve teknolojik geli\u015fmeler do\u011frultusunda gerekli olan meslek\u00ee yeterlili\u011fe sahip meslek elemanlar\u0131 yeti\u015ftirilir. Rekabetin h\u0131zla artt\u0131\u011f\u0131 g\u00fcn\u00fcm\u00fczde fabrikalar\u0131n \u00fcretimlerini daha h\u0131zl\u0131 ve kaliteli yapmalar\u0131 gerekmektedir. \u00dcretimde insan g\u00fcc\u00fcn\u00fcn yerini alan robot kollar ve bunlar\u0131n bilgisayarlarla kontrol\u00fc, end\u00fcstriyel otomasyon alan\u0131nda \u00f6\u011fretilmektedir. Okulumuzda sanayinin ihtiyac\u0131 olan bu alanda son&#8230;<\/p>\n","protected":false},"author":4,"featured_media":840,"parent":617,"menu_order":0,"comment_status":"closed","ping_status":"closed","template":"","meta":{"_acf_changed":false,"inline_featured_image":false,"footnotes":""},"class_list":["post-618","page","type-page","status-publish","has-post-thumbnail","hentry","custom-post-type-entry"],"aioseo_notices":[],"acf":[],"_links":{"self":[{"href":"https:\/\/www.enka.k12.tr\/kocaeli\/wp-json\/wp\/v2\/pages\/618","targetHints":{"allow":["GET"]}}],"collection":[{"href":"https:\/\/www.enka.k12.tr\/kocaeli\/wp-json\/wp\/v2\/pages"}],"about":[{"href":"https:\/\/www.enka.k12.tr\/kocaeli\/wp-json\/wp\/v2\/types\/page"}],"author":[{"embeddable":true,"href":"https:\/\/www.enka.k12.tr\/kocaeli\/wp-json\/wp\/v2\/users\/4"}],"replies":[{"embeddable":true,"href":"https:\/\/www.enka.k12.tr\/kocaeli\/wp-json\/wp\/v2\/comments?post=618"}],"version-history":[{"count":2,"href":"https:\/\/www.enka.k12.tr\/kocaeli\/wp-json\/wp\/v2\/pages\/618\/revisions"}],"predecessor-version":[{"id":26914,"href":"https:\/\/www.enka.k12.tr\/kocaeli\/wp-json\/wp\/v2\/pages\/618\/revisions\/26914"}],"up":[{"embeddable":true,"href":"https:\/\/www.enka.k12.tr\/kocaeli\/wp-json\/wp\/v2\/pages\/617"}],"wp:featuredmedia":[{"embeddable":true,"href":"https:\/\/www.enka.k12.tr\/kocaeli\/wp-json\/wp\/v2\/media\/840"}],"wp:attachment":[{"href":"https:\/\/www.enka.k12.tr\/kocaeli\/wp-json\/wp\/v2\/media?parent=618"}],"curies":[{"name":"wp","href":"https:\/\/api.w.org\/{rel}","templated":true}]}}