{"id":653,"date":"2017-07-26T08:41:44","date_gmt":"2017-07-26T08:41:44","guid":{"rendered":"http:\/\/www.enka.com\/foundation\/schools\/gebze\/community-engagement\/"},"modified":"2026-03-14T13:51:27","modified_gmt":"2026-03-14T10:51:27","slug":"sosyal-sorumluluk","status":"publish","type":"page","link":"https:\/\/www.enka.k12.tr\/kocaeli\/okulda-yasam\/sosyal-sorumluluk\/","title":{"rendered":"SOSYAL SORUMLULUK"},"content":{"rendered":"<div class=\"wpb-content-wrapper\"><p>[vc_row][vc_column]<div id=\"ultimate-heading-339969fa1dbc4f69a\" class=\"uvc-heading ult-adjust-bottom-margin ultimate-heading-339969fa1dbc4f69a uvc-5964 \" data-hspacer=\"line_with_icon\" data-hline_width=\"auto\" data-hicon_type=\"custom\" data-hborder_style=\"solid\" data-hborder_height=\"3\" data-hborder_color=\"#69b3e7\" data-icon_width=\"200\" data-hfixer=\"30\"  data-halign=\"center\" style=\"text-align:center\"><div class=\"uvc-heading-spacer line_with_icon\" style=\"top\"><div class=\"ult-just-icon-wrapper  \"><div class=\"align-icon\" style=\"text-align:center;\">\n<div class=\"aio-icon-img \" style=\"font-size:200px;display:inline-block;\" >\n\t<img decoding=\"async\" class=\"img-icon\" alt=\"null\" src=\"https:\/\/www.enka.k12.tr\/kocaeli\/wp-content\/uploads\/2023\/12\/enka_schools_log_new.jpg\"\/>\n<\/div><\/div><\/div><\/div><\/div><div class=\"ult-spacer spacer-69fa1dbc4f6f8\" data-id=\"69fa1dbc4f6f8\" data-height=\"30\" data-height-mobile=\"10\" data-height-tab=\"20\" data-height-tab-portrait=\"\" data-height-mobile-landscape=\"\" style=\"clear:both;display:block;\"><\/div>[\/vc_column][\/vc_row][vc_row padding_top=&#8221;30px&#8221; bg_type=&#8221;bg_color&#8221; bg_color_value=&#8221;#f5f5f5&#8243;][vc_column width=&#8221;1\/2&#8243;]<div id=\"ultimate-heading-80569fa1dbc4f741\" class=\"uvc-heading ult-adjust-bottom-margin ultimate-heading-80569fa1dbc4f741 uvc-736 \" data-hspacer=\"no_spacer\"  data-halign=\"left\" style=\"text-align:left\"><div class=\"uvc-heading-spacer no_spacer\" style=\"top\"><\/div><div class=\"uvc-sub-heading ult-responsive\"  data-ultimate-target='.uvc-heading.ultimate-heading-80569fa1dbc4f741 .uvc-sub-heading '  data-responsive-json-new='{\"font-size\":\"desktop:50px;tablet:48px;tablet_portrait:46px;mobile_landscape:44px;mobile:42px;\",\"line-height\":\"desktop:50px;tablet:48px;tablet_portrait:46px;mobile_landscape:44px;mobile:42px;\"}'  style=\"font-weight:bold;color:#000000;\"><span style=\"color: #000080; font-size: 36pt;\">SOSYAL SORUMLULUK<\/span><\/div><\/div><div class=\"ult-spacer spacer-69fa1dbc4f780\" data-id=\"69fa1dbc4f780\" data-height=\"24\" data-height-mobile=\"24\" data-height-tab=\"24\" data-height-tab-portrait=\"\" data-height-mobile-landscape=\"\" style=\"clear:both;display:block;\"><\/div>[\/vc_column][vc_column width=&#8221;1\/2&#8243;][\/vc_column][\/vc_row][vc_row padding_top=&#8221;30px&#8221; bg_type=&#8221;bg_color&#8221; bg_color_value=&#8221;#f5f5f5&#8243;][vc_column][vc_column_text]ENKA Okullar\u0131 olarak t\u00fcm \u00f6\u011frencilerimizin, \u00f6\u011frenci kul\u00fcpleri d\u00fczeyinde ya da bireysel fikirlerle sosyal sorumluluk projeleri olu\u015fturmalar\u0131n\u0131, devam etmekte olan projelere katk\u0131 yapmalar\u0131n\u0131 bekliyoruz.<\/p>\n<p>Anadolu Teknik Lise d\u00fczeyinde e\u011fitim veren kurumumuzda \u00f6\u011frenciler 9.s\u0131n\u0131ftan itibaren her s\u0131n\u0131f d\u00fczeyinde yak\u0131n ve uzak \u00e7evrelerinin ihtiya\u00e7 ve beklentilerini kar\u015f\u0131lamaya y\u00f6nelik projeler geli\u015ftirirler. Belirlenen SSP konular\u0131 kul\u00fcp \u00f6\u011fretmenleri veya proje dan\u0131\u015fman\u0131 \u00f6\u011fretmenler e\u015fli\u011finde ilgili e\u011fitim \u00f6\u011fretim y\u0131l\u0131na yay\u0131larak uygulan\u0131r. Okulumuzda uygulamaya koydu\u011fumuz projelerde arad\u0131\u011f\u0131m\u0131z ba\u015fl\u0131ca \u00f6zellikler mikrodan makroya uygulanabilir olmas\u0131, toplumsal hassasiyetlerin g\u00f6z \u00f6n\u00fcnde bulundurulmas\u0131, \u00f6\u011frencilerimizin yaparak ya\u015fayarak \u00f6\u011frenme s\u00fcre\u00e7lerine katk\u0131 sa\u011flamas\u0131d\u0131r.[\/vc_column_text][\/vc_column][\/vc_row][vc_row padding_top=&#8221;30px&#8221; bg_type=&#8221;bg_color&#8221; bg_color_value=&#8221;#f5f5f5&#8243;][vc_column width=&#8221;1\/2&#8243;][vc_column_text]Sosyal Sorumluluk Projesi \u00e7al\u0131\u015fmas\u0131nda:<\/p>\n<ul>\n<li>Farkl\u0131 ya\u015fam bi\u00e7imlerini,<\/li>\n<li>\u0130htiya\u00e7 kavram\u0131n\u0131n sosyo-ekonomik yap\u0131ya g\u00f6re de\u011fi\u015fimini,<\/li>\n<li>Bireysel ve toplumsal farkl\u0131l\u0131klara sayg\u0131 duymay\u0131,<\/li>\n<li>\u0130nisiyatif alabilmeyi,<\/li>\n<li>Organizasyon yapabilmeyi,<\/li>\n<li>Ekip \u00e7al\u0131\u015fmas\u0131n\u0131,<\/li>\n<li>Empati kurmay\u0131,<\/li>\n<li>Maddi ve manevi olanaklar\u0131 verimli kullanmay\u0131,<\/li>\n<li>Zaman y\u00f6netimini,<\/li>\n<li>\u00d6m\u00fcr boyu s\u00fcrecek toplumsal fark\u0131ndal\u0131klar\u0131 \u00f6\u011freniriz.<\/li>\n<\/ul>\n<p>[\/vc_column_text]<div class=\"ult-spacer spacer-69fa1dbc4f7ab\" data-id=\"69fa1dbc4f7ab\" data-height=\"24\" data-height-mobile=\"24\" data-height-tab=\"24\" data-height-tab-portrait=\"\" data-height-mobile-landscape=\"\" style=\"clear:both;display:block;\"><\/div>[\/vc_column][vc_column width=&#8221;1\/2&#8243;][vc_single_image image=&#8221;2367&#8243; img_size=&#8221;full&#8221;][\/vc_column][\/vc_row][vc_row padding_top=&#8221;30px&#8221; bg_type=&#8221;bg_color&#8221; bg_color_value=&#8221;#f5f5f5&#8243;][vc_column][vc_column_text]\u00d6\u011frencilerimiz okulumuzun kurulu\u015f a\u015famas\u0131ndan itibaren de\u011fi\u015fik fikirlerle de\u011fi\u015fik sosyal sorumluluk projelerinde g\u00f6rev alm\u0131\u015ft\u0131r. Bunlardan baz\u0131lar\u0131 :[\/vc_column_text][\/vc_column][\/vc_row][vc_row padding_top=&#8221;30px&#8221; bg_type=&#8221;bg_color&#8221; bg_color_value=&#8221;#f5f5f5&#8243;][vc_column width=&#8221;1\/2&#8243;][vc_tta_accordion style=&#8221;flat&#8221; shape=&#8221;square&#8221; color=&#8221;sky&#8221; spacing=&#8221;3&#8243; active_section=&#8221;0&#8243; no_fill=&#8221;true&#8221; collapsible_all=&#8221;true&#8221;][vc_tta_section title=&#8221;HAY &#8211; YEM&#8221; tab_id=&#8221;1502105859952-71be836e-35a4&#8243;][vc_column_text](Okul yemekhanesinde \u00e7\u00f6pe at\u0131lacak yiyeceklerin sokak hayvanlar\u0131na ula\u015ft\u0131r\u0131lmas\u0131)[\/vc_column_text][\/vc_tta_section][vc_tta_section title=&#8221;HERKES OKUMAK \u0130STER&#8221; tab_id=&#8221;1502105858795-3342097d-8afe&#8221;][vc_column_text](Kitap ba\u011f\u0131\u015f\u0131 projesi)[\/vc_column_text][\/vc_tta_section][vc_tta_section title=&#8221;\u0130HT\u0130YA\u00c7 HAR\u0130TASI&#8221; tab_id=&#8221;1502105859291-0a361e21-7885&#8243;][vc_column_text]<\/p>\n<p style=\"text-align: justify;\">(\u0130htiya\u00e7 Haritas\u0131 adl\u0131 sivil toplum kurulu\u015funun kampanyalar\u0131na destek verilmesi)<\/p>\n<p>[\/vc_column_text][\/vc_tta_section][vc_tta_section title=&#8221;KURALLARA UYUYORUM&#8221; tab_id=&#8221;1502105859616-81d339b4-5902&#8243;][vc_column_text](Trafik kurallar\u0131 fark\u0131ndal\u0131\u011f\u0131 kampanyas\u0131)[\/vc_column_text][\/vc_tta_section][vc_tta_section title=&#8221;L\u00d6SEV MORAL GEZ\u0130S\u0130&#8221; tab_id=&#8221;1502105859127-321d2b4f-8338&#8243;][vc_column_text]<\/p>\n<p style=\"text-align: justify;\">(Onkoloji hastalar\u0131na moral ziyaretleri, kanser ve \u00e7ocuklar i\u00e7in e\u011flence organizasyonu)<\/p>\n<p>[\/vc_column_text][\/vc_tta_section][vc_tta_section title=&#8221;MAV\u0130 KAPAK&#8221; tab_id=&#8221;1502105859453-1f3aad1b-716a&#8221;][vc_column_text]<\/p>\n<p style=\"text-align: justify;\">(Engelli sandalyesi al\u0131m\u0131 i\u00e7in kapak toplama)<\/p>\n<p>[\/vc_column_text][\/vc_tta_section][vc_tta_section title=&#8221;SENDE TASARLA&#8221; tab_id=&#8221;1502105858959-28a1d16b-9864&#8243;][vc_column_text]<\/p>\n<p style=\"text-align: justify;\">(\u00d6\u011frencilerin el eme\u011fi materyallerin sat\u0131\u015f\u0131ndan elde edilen gelirle bir k\u00f6y okuluna k\u00fct\u00fcphane kurulmas\u0131na y\u00f6nelik katk\u0131)<\/p>\n<p>[\/vc_column_text][\/vc_tta_section][vc_tta_section title=&#8221;SEVG\u0130 EV\u0130NE DESTEK&#8221; tab_id=&#8221;1502105859778-9d273b07-90e1&#8243;][vc_column_text]<\/p>\n<p style=\"text-align: justify;\">(Oyuncak Ba\u011f\u0131\u015f\u0131)<\/p>\n<p>[\/vc_column_text][\/vc_tta_section][\/vc_tta_accordion][\/vc_column][vc_column width=&#8221;1\/2&#8243;][vc_tta_accordion style=&#8221;flat&#8221; shape=&#8221;square&#8221; color=&#8221;sky&#8221; spacing=&#8221;3&#8243; active_section=&#8221;0&#8243; no_fill=&#8221;true&#8221; collapsible_all=&#8221;true&#8221;][vc_tta_section title=&#8221;D\u0130K\u0130L\u0130 A\u011eACIM OLSUN&#8221; tab_id=&#8221;1502105442943-48ae8f90-22d4&#8243;][vc_column_text]<\/p>\n<p style=\"text-align: justify;\">(Canl\u0131 ya\u015fam alanlar\u0131n\u0131n a\u011fa\u00e7land\u0131rma yap\u0131larak geni\u015fletilmesi)<\/p>\n<p>[\/vc_column_text][\/vc_tta_section][vc_tta_section title=&#8221;EN \u00c7OK ONLAR \u00dc\u015e\u00dcYOR&#8221; tab_id=&#8221;1502105718197-2253ba80-4115&#8243;][vc_column_text](Hayvan bar\u0131naklar\u0131na battaniye ba\u011f\u0131\u015f\u0131)[\/vc_column_text][\/vc_tta_section][vc_tta_section title=&#8221;FAZLA KALEM\u0130 OLAN VAR MI?&#8221; tab_id=&#8221;1502105570654-d21f9dbe-1e78&#8243;][vc_column_text]<\/p>\n<p style=\"text-align: justify;\">(K\u0131rtasiye ba\u011f\u0131\u015f\u0131 kampanyas\u0131)<\/p>\n<p>[\/vc_column_text][\/vc_tta_section][vc_tta_section title=&#8221;HERKES \u0130\u00c7\u0130N TEKNOLOJ\u0130&#8221; tab_id=&#8221;1502105276750-1ef2e568-6e25&#8243;][vc_column_text](Orta \u00f6\u011fretim \u00f6\u011frencilerine temel \u00e7izim programlar\u0131n\u0131 \u00f6\u011fretilmesi)[\/vc_column_text][\/vc_tta_section][vc_tta_section title=&#8221;HERKES SPOR YAPSIN&#8221; tab_id=&#8221;1502105759605-e6508228-ff9d&#8221;][vc_column_text](Spor ekipman\u0131 s\u0131k\u0131nt\u0131s\u0131 ya\u015fayan okullara ekipman ba\u011f\u0131\u015f\u0131)[\/vc_column_text][\/vc_tta_section][vc_tta_section title=&#8221;KARANLIKTA D\u0130ALOG&#8221; tab_id=&#8221;1502105276832-33320675-a3a5&#8243;][vc_column_text](G\u00f6rme engelli insanlarla empati kurma etkinli\u011fi)[\/vc_column_text][\/vc_tta_section][vc_tta_section title=&#8221;SATIN ALMA SAH\u0130PLEN!&#8221; tab_id=&#8221;1502105676657-ac789412-c229&#8243;][vc_column_text]<\/p>\n<p style=\"text-align: justify;\">(Sahipsiz hayvanlar\u0131n sahiplendirilmesi ile ilgili fark\u0131ndal\u0131k \u00e7al\u0131\u015fmalar\u0131)<\/p>\n<p>[\/vc_column_text][\/vc_tta_section][\/vc_tta_accordion][\/vc_column][\/vc_row]<\/p>\n<\/div>","protected":false},"excerpt":{"rendered":"<p>[vc_row][vc_column][\/vc_column][\/vc_row][vc_row padding_top=&#8221;30px&#8221; bg_type=&#8221;bg_color&#8221; bg_color_value=&#8221;#f5f5f5&#8243;][vc_column width=&#8221;1\/2&#8243;][\/vc_column][vc_column width=&#8221;1\/2&#8243;][\/vc_column][\/vc_row][vc_row padding_top=&#8221;30px&#8221; bg_type=&#8221;bg_color&#8221; bg_color_value=&#8221;#f5f5f5&#8243;][vc_column][vc_column_text]ENKA Okullar\u0131 olarak t\u00fcm \u00f6\u011frencilerimizin, \u00f6\u011frenci kul\u00fcpleri d\u00fczeyinde ya da bireysel fikirlerle sosyal sorumluluk projeleri olu\u015fturmalar\u0131n\u0131, devam etmekte olan projelere katk\u0131 yapmalar\u0131n\u0131 bekliyoruz. Anadolu Teknik Lise d\u00fczeyinde e\u011fitim veren kurumumuzda \u00f6\u011frenciler 9.s\u0131n\u0131ftan itibaren her s\u0131n\u0131f d\u00fczeyinde yak\u0131n ve uzak \u00e7evrelerinin ihtiya\u00e7 ve beklentilerini kar\u015f\u0131lamaya y\u00f6nelik projeler geli\u015ftirirler. Belirlenen SSP konular\u0131 kul\u00fcp \u00f6\u011fretmenleri veya proje dan\u0131\u015fman\u0131 \u00f6\u011fretmenler e\u015fli\u011finde&#8230;<\/p>\n","protected":false},"author":4,"featured_media":825,"parent":632,"menu_order":9,"comment_status":"closed","ping_status":"closed","template":"","meta":{"_acf_changed":false,"inline_featured_image":false,"footnotes":""},"class_list":["post-653","page","type-page","status-publish","has-post-thumbnail","hentry","custom-post-type-entry"],"aioseo_notices":[],"acf":[],"_links":{"self":[{"href":"https:\/\/www.enka.k12.tr\/kocaeli\/wp-json\/wp\/v2\/pages\/653","targetHints":{"allow":["GET"]}}],"collection":[{"href":"https:\/\/www.enka.k12.tr\/kocaeli\/wp-json\/wp\/v2\/pages"}],"about":[{"href":"https:\/\/www.enka.k12.tr\/kocaeli\/wp-json\/wp\/v2\/types\/page"}],"author":[{"embeddable":true,"href":"https:\/\/www.enka.k12.tr\/kocaeli\/wp-json\/wp\/v2\/users\/4"}],"replies":[{"embeddable":true,"href":"https:\/\/www.enka.k12.tr\/kocaeli\/wp-json\/wp\/v2\/comments?post=653"}],"version-history":[{"count":3,"href":"https:\/\/www.enka.k12.tr\/kocaeli\/wp-json\/wp\/v2\/pages\/653\/revisions"}],"predecessor-version":[{"id":26952,"href":"https:\/\/www.enka.k12.tr\/kocaeli\/wp-json\/wp\/v2\/pages\/653\/revisions\/26952"}],"up":[{"embeddable":true,"href":"https:\/\/www.enka.k12.tr\/kocaeli\/wp-json\/wp\/v2\/pages\/632"}],"wp:featuredmedia":[{"embeddable":true,"href":"https:\/\/www.enka.k12.tr\/kocaeli\/wp-json\/wp\/v2\/media\/825"}],"wp:attachment":[{"href":"https:\/\/www.enka.k12.tr\/kocaeli\/wp-json\/wp\/v2\/media?parent=653"}],"curies":[{"name":"wp","href":"https:\/\/api.w.org\/{rel}","templated":true}]}}