{"id":8235,"date":"2017-11-01T14:31:32","date_gmt":"2017-11-01T11:31:32","guid":{"rendered":"http:\/\/www.enka.k12.tr\/kocaeli\/?page_id=8235"},"modified":"2019-12-12T16:44:50","modified_gmt":"2019-12-12T13:44:50","slug":"ingilizce","status":"publish","type":"page","link":"https:\/\/www.enka.k12.tr\/kocaeli\/okullarimiz\/fen-ve-teknoloji-lisesi\/ingilizce\/","title":{"rendered":"\u0130NG\u0130L\u0130ZCE"},"content":{"rendered":"<div class=\"wpb-content-wrapper\"><p>[vc_row][vc_column][vc_column_text]<\/p>\n<p>[\/vc_column_text][\/vc_column][\/vc_row][vc_row][vc_column]<div id=\"ultimate-heading-114569e1b53a50f40\" class=\"uvc-heading ult-adjust-bottom-margin ultimate-heading-114569e1b53a50f40 uvc-4110 \" data-hspacer=\"line_with_icon\" data-hline_width=\"auto\" data-hicon_type=\"custom\" data-hborder_style=\"solid\" data-hborder_height=\"3\" data-hborder_color=\"#69b3e7\" data-icon_width=\"200\" data-hfixer=\"30\"  data-halign=\"center\" style=\"text-align:center\"><div class=\"uvc-heading-spacer line_with_icon\" style=\"top\"><div class=\"ult-just-icon-wrapper  \"><div class=\"align-icon\" style=\"text-align:center;\">\n<div class=\"aio-icon-img \" style=\"font-size:200px;display:inline-block;\" >\n\t<img decoding=\"async\" class=\"img-icon\" alt=\"null\" src=\"https:\/\/www.enka.k12.tr\/istanbul\/wp-content\/uploads\/2017\/04\/ENKA_Okullari_Istanbul_Logo.svg\"\/>\n<\/div><\/div><\/div><\/div><\/div><div class=\"ult-spacer spacer-69e1b53a50fa1\" data-id=\"69e1b53a50fa1\" data-height=\"30\" data-height-mobile=\"10\" data-height-tab=\"20\" data-height-tab-portrait=\"\" data-height-mobile-landscape=\"\" style=\"clear:both;display:block;\"><\/div>[\/vc_column][\/vc_row][vc_row padding_top=&#8221;30px&#8221; bg_type=&#8221;bg_color&#8221; bg_color_value=&#8221;#f5f5f5&#8243;][vc_column]<div id=\"ultimate-heading-16469e1b53a51013\" class=\"uvc-heading ult-adjust-bottom-margin ultimate-heading-16469e1b53a51013 uvc-2606 \" data-hspacer=\"line_only\"  data-halign=\"left\" style=\"text-align:left\"><div class=\"uvc-sub-heading ult-responsive\"  data-ultimate-target='.uvc-heading.ultimate-heading-16469e1b53a51013 .uvc-sub-heading '  data-responsive-json-new='{\"font-size\":\"desktop:50px;tablet:48px;tablet_portrait:46px;mobile_landscape:44px;mobile:42px;\",\"line-height\":\"desktop:50px;tablet:48px;tablet_portrait:46px;mobile_landscape:44px;mobile:42px;\"}'  style=\"font-weight:bold;color:#000000;\">\u0130NG\u0130L\u0130ZCE<\/div><div class=\"uvc-heading-spacer line_only\" style=\"margin-top:10px;height:3px;\"><span class=\"uvc-headings-line\" style=\"border-style:solid;border-bottom-width:3px;border-color:#69b3e7;width:100px;\"><\/span><\/div><\/div>[\/vc_column][\/vc_row][vc_row padding_top=&#8221;30px&#8221; bg_type=&#8221;bg_color&#8221; bg_color_value=&#8221;#f5f5f5&#8243;][vc_column][vc_column_text]Okulumuzda, haz\u0131rl\u0131k s\u0131n\u0131f\u0131 bulunur ve ayr\u0131ca yeni ba\u015flayan \u00f6\u011frencilere ders y\u0131l\u0131 ba\u015f\u0131nda seviye tespit s\u0131nav\u0131 uygulan\u0131r. Haz\u0131rl\u0131k s\u0131n\u0131f\u0131, 9-12.s\u0131n\u0131flar \u0130ngilizce m\u00fcfredat\u0131n\u0131n amac\u0131, \u0130ngilizce \u00f6\u011frenenleri rekabet\u00e7i, motive edici olmak ve keyifli \u00f6\u011frenme ortamlar\u0131nda ilgilerini uyand\u0131rmak. B\u00f6ylece etkili, ak\u0131c\u0131 ve do\u011fru \u0130ngilizcesi olan bireyler yeti\u015ftirmektir. \u00d6\u011frenciler, \u00f6\u011fretmenlerinin g\u00f6zetiminde kendi haz\u0131rlad\u0131klar\u0131 materyalleri \u00f6\u011frenme ortam\u0131na getirerek materyal ve g\u00f6rev tasar\u0131m\u0131na katk\u0131da bulunabilir ve kendi \u00f6\u011frenmelerinde s\u00f6z sahibi\u00a0 yans\u0131t\u0131c\u0131 ki\u015filer olarak g\u00f6rev yapabilirler.[\/vc_column_text][\/vc_column][\/vc_row][vc_row padding_top=&#8221;30px&#8221; bg_type=&#8221;bg_color&#8221; bg_color_value=&#8221;#f5f5f5&#8243;][vc_column width=&#8221;2\/3&#8243;][vc_column_text]M\u00fcfredat\u0131n de\u011ferlendirme ve uygulanmas\u0131nda okul idaresinin deste\u011fi \u00e7ok \u00f6nemlidir. \u0130darecilerin, \u00a0\u0130ngilizcenin benzersiz ihtiya\u00e7lar\u0131n\u0131 bir\u00a0 \u201c\u00c7al\u0131\u015fma Konusu\u201d olarak kabul etmeleri b\u00fcy\u00fck \u00f6nem ta\u015f\u0131r.<\/p>\n<p>Buna ek olarak, \u0130ngilizce \u00e7o\u011funlukla bilim ve teknolojinin dili olarak kullan\u0131l\u0131r. Fikirlerini, bilgisini ve k\u00fclt\u00fcr\u00fcn\u00fc farkl\u0131 k\u00fclt\u00fcrlerden ve \u00fclkelerden gelen insanlarla payla\u015fabilmek i\u00e7in, \u00f6\u011frencilerimiz \u0130ngilizceyi aktif, \u00fcretken ve ileti\u015fimsel kullanmal\u0131d\u0131rlar.[\/vc_column_text][\/vc_column][vc_column width=&#8221;1\/3&#8243;][vc_single_image image=&#8221;8209&#8243; img_size=&#8221;medium&#8221;][\/vc_column][\/vc_row][vc_row padding_top=&#8221;30px&#8221; bg_type=&#8221;bg_color&#8221; bg_color_value=&#8221;#f5f5f5&#8243;][vc_column][vc_column_text]\u0130ngilizce \u00f6\u011fretim program\u0131, 1739 Say\u0131l\u0131 Milli E\u011fitim Temel Yasas\u0131nda ve T\u00fcrk Milli E\u011fitiminin Temel \u0130lkeleri&#8217;nde tan\u0131mlanan T\u00fcrk Milli E\u011fitiminin genel hedefleri do\u011frultusunda haz\u0131rlanm\u0131\u015ft\u0131r.[\/vc_column_text]<div class=\"ult-spacer spacer-69e1b53a5106f\" data-id=\"69e1b53a5106f\" data-height=\"24\" data-height-mobile=\"24\" data-height-tab=\"24\" data-height-tab-portrait=\"\" data-height-mobile-landscape=\"\" style=\"clear:both;display:block;\"><\/div>[\/vc_column][\/vc_row]<\/p>\n<\/div>","protected":false},"excerpt":{"rendered":"<p>[vc_row][vc_column][vc_column_text] [\/vc_column_text][\/vc_column][\/vc_row][vc_row][vc_column][\/vc_column][\/vc_row][vc_row padding_top=&#8221;30px&#8221; bg_type=&#8221;bg_color&#8221; bg_color_value=&#8221;#f5f5f5&#8243;][vc_column][\/vc_column][\/vc_row][vc_row padding_top=&#8221;30px&#8221; bg_type=&#8221;bg_color&#8221; bg_color_value=&#8221;#f5f5f5&#8243;][vc_column][vc_column_text]Okulumuzda, haz\u0131rl\u0131k s\u0131n\u0131f\u0131 bulunur ve ayr\u0131ca yeni ba\u015flayan \u00f6\u011frencilere ders y\u0131l\u0131 ba\u015f\u0131nda seviye tespit s\u0131nav\u0131 uygulan\u0131r. Haz\u0131rl\u0131k s\u0131n\u0131f\u0131, 9-12.s\u0131n\u0131flar \u0130ngilizce m\u00fcfredat\u0131n\u0131n amac\u0131, \u0130ngilizce \u00f6\u011frenenleri rekabet\u00e7i, motive edici olmak ve keyifli \u00f6\u011frenme ortamlar\u0131nda ilgilerini uyand\u0131rmak. B\u00f6ylece etkili, ak\u0131c\u0131 ve do\u011fru \u0130ngilizcesi olan bireyler yeti\u015ftirmektir. \u00d6\u011frenciler, \u00f6\u011fretmenlerinin g\u00f6zetiminde kendi haz\u0131rlad\u0131klar\u0131 materyalleri \u00f6\u011frenme ortam\u0131na getirerek materyal ve g\u00f6rev tasar\u0131m\u0131na katk\u0131da bulunabilir&#8230;<\/p>\n","protected":false},"author":1,"featured_media":884,"parent":560,"menu_order":0,"comment_status":"closed","ping_status":"closed","template":"","meta":{"_acf_changed":false,"inline_featured_image":false,"footnotes":""},"class_list":["post-8235","page","type-page","status-publish","has-post-thumbnail","hentry","custom-post-type-entry"],"aioseo_notices":[],"acf":[],"_links":{"self":[{"href":"https:\/\/www.enka.k12.tr\/kocaeli\/wp-json\/wp\/v2\/pages\/8235","targetHints":{"allow":["GET"]}}],"collection":[{"href":"https:\/\/www.enka.k12.tr\/kocaeli\/wp-json\/wp\/v2\/pages"}],"about":[{"href":"https:\/\/www.enka.k12.tr\/kocaeli\/wp-json\/wp\/v2\/types\/page"}],"author":[{"embeddable":true,"href":"https:\/\/www.enka.k12.tr\/kocaeli\/wp-json\/wp\/v2\/users\/1"}],"replies":[{"embeddable":true,"href":"https:\/\/www.enka.k12.tr\/kocaeli\/wp-json\/wp\/v2\/comments?post=8235"}],"version-history":[{"count":0,"href":"https:\/\/www.enka.k12.tr\/kocaeli\/wp-json\/wp\/v2\/pages\/8235\/revisions"}],"up":[{"embeddable":true,"href":"https:\/\/www.enka.k12.tr\/kocaeli\/wp-json\/wp\/v2\/pages\/560"}],"wp:featuredmedia":[{"embeddable":true,"href":"https:\/\/www.enka.k12.tr\/kocaeli\/wp-json\/wp\/v2\/media\/884"}],"wp:attachment":[{"href":"https:\/\/www.enka.k12.tr\/kocaeli\/wp-json\/wp\/v2\/media?parent=8235"}],"curies":[{"name":"wp","href":"https:\/\/api.w.org\/{rel}","templated":true}]}}